CRAN Package Check Results for Package leaflethex

Last updated on 2019-11-16 02:48:37 CET.

Flavor Version Tinstall Tcheck Ttotal Status Flags
r-devel-linux-x86_64-debian-clang 0.1.0 4.41 45.13 49.54 OK
r-devel-linux-x86_64-debian-gcc 0.1.0 3.34 34.56 37.90 OK
r-devel-linux-x86_64-fedora-clang 0.1.0 58.10 OK
r-devel-linux-x86_64-fedora-gcc 0.1.0 57.94 OK
r-devel-windows-ix86+x86_64 0.1.0 21.00 98.00 119.00 OK
r-patched-linux-x86_64 0.1.0 3.78 41.35 45.13 OK
r-patched-solaris-x86 0.1.0 87.70 WARN
r-release-linux-x86_64 0.1.0 4.33 41.78 46.11 OK
r-release-windows-ix86+x86_64 0.1.0 13.00 104.00 117.00 OK
r-release-osx-x86_64 0.1.0 WARN
r-oldrel-windows-ix86+x86_64 0.1.0 7.00 56.00 63.00 OK
r-oldrel-osx-x86_64 0.1.0 WARN

Check Details

Version: 0.1.0
Check: re-building of vignette outputs
Result: WARN
    Error(s) in re-building vignettes:
     ...
    --- re-building ‘Learning-leaflet.Rmd’ using rmarkdown
    Warning in engine$weave(file, quiet = quiet, encoding = enc) :
     Pandoc (>= 1.12.3) and/or pandoc-citeproc not available. Falling back to R Markdown v1.
    Quitting from lines 49-69 (Learning-leaflet.Rmd)
    Error: processing vignette 'Learning-leaflet.Rmd' failed with diagnostics:
    there is no package called 'webshot'
    --- failed re-building ‘Learning-leaflet.Rmd’
    
    --- re-building ‘generic-demo.Rmd’ using rmarkdown
    Warning in engine$weave(file, quiet = quiet, encoding = enc) :
     Pandoc (>= 1.12.3) and/or pandoc-citeproc not available. Falling back to R Markdown v1.
    Quitting from lines 22-46 (generic-demo.Rmd)
    Error: processing vignette 'generic-demo.Rmd' failed with diagnostics:
    there is no package called 'webshot'
    --- failed re-building ‘generic-demo.Rmd’
    
    --- re-building ‘leaflethex.Rmd’ using rmarkdown
    Warning in engine$weave(file, quiet = quiet, encoding = enc) :
     Pandoc (>= 1.12.3) and/or pandoc-citeproc not available. Falling back to R Markdown v1.
    Quitting from lines 41-48 (leaflethex.Rmd)
    Error: processing vignette 'leaflethex.Rmd' failed with diagnostics:
    there is no package called 'webshot'
    --- failed re-building ‘leaflethex.Rmd’
    
    SUMMARY: processing the following files failed:
     ‘Learning-leaflet.Rmd’ ‘generic-demo.Rmd’ ‘leaflethex.Rmd’
    
    Error: Vignette re-building failed.
    Execution halted
Flavor: r-patched-solaris-x86

Version: 0.1.0
Check: re-building of vignette outputs
Result: WARN
    Error(s) in re-building vignettes:
    --- re-building ‘Learning-leaflet.Rmd’ using rmarkdown
    Warning in engine$weave(file, quiet = quiet, encoding = enc) :
     Pandoc (>= 1.12.3) and/or pandoc-citeproc not available. Falling back to R Markdown v1.
    Quitting from lines 49-69 (Learning-leaflet.Rmd)
    Error: processing vignette 'Learning-leaflet.Rmd' failed with diagnostics:
    cannot open the connection
    --- failed re-building ‘Learning-leaflet.Rmd’
    
    --- re-building ‘generic-demo.Rmd’ using rmarkdown
    Warning in engine$weave(file, quiet = quiet, encoding = enc) :
     Pandoc (>= 1.12.3) and/or pandoc-citeproc not available. Falling back to R Markdown v1.
    Quitting from lines 22-46 (generic-demo.Rmd)
    Error: processing vignette 'generic-demo.Rmd' failed with diagnostics:
    cannot open the connection
    --- failed re-building ‘generic-demo.Rmd’
    
    --- re-building ‘leaflethex.Rmd’ using rmarkdown
    Warning in engine$weave(file, quiet = quiet, encoding = enc) :
     Pandoc (>= 1.12.3) and/or pandoc-citeproc not available. Falling back to R Markdown v1.
    Quitting from lines 41-48 (leaflethex.Rmd)
    Error: processing vignette 'leaflethex.Rmd' failed with diagnostics:
    cannot open the connection
    --- failed re-building ‘leaflethex.Rmd’
    
    SUMMARY: processing the following files failed:
     ‘Learning-leaflet.Rmd’ ‘generic-demo.Rmd’ ‘leaflethex.Rmd’
    
    Error: Vignette re-building failed.
    Execution halted
Flavor: r-release-osx-x86_64

Version: 0.1.0
Check: re-building of vignette outputs
Result: WARN
    Error in re-building vignettes:
     ...
    Warning in engine$weave(file, quiet = quiet, encoding = enc) :
     Pandoc (>= 1.12.3) and/or pandoc-citeproc not available. Falling back to R Markdown v1.
    Quitting from lines 49-69 (Learning-leaflet.Rmd)
    Error: processing vignette 'Learning-leaflet.Rmd' failed with diagnostics:
    cannot open the connection
    Execution halted
Flavor: r-oldrel-osx-x86_64