CRAN Package Check Results for Package leafpm

Last updated on 2019-09-15 08:47:20 CEST.

Flavor Version Tinstall Tcheck Ttotal Status Flags
r-devel-linux-x86_64-debian-clang 0.1.0 1.94 18.77 20.71 OK
r-devel-linux-x86_64-debian-gcc 0.1.0 1.80 15.41 17.21 OK
r-devel-linux-x86_64-fedora-clang 0.1.0 25.61 NOTE
r-devel-linux-x86_64-fedora-gcc 0.1.0 24.96 NOTE
r-devel-windows-ix86+x86_64 0.1.0 16.00 49.00 65.00 OK
r-patched-linux-x86_64 0.1.0 1.56 18.72 20.28 OK
r-patched-solaris-x86 0.1.0 38.80 NOTE
r-release-linux-x86_64 0.1.0 1.68 18.52 20.20 OK
r-release-windows-ix86+x86_64 0.1.0 5.00 47.00 52.00 OK
r-release-osx-x86_64 0.1.0 NOTE
r-oldrel-windows-ix86+x86_64 0.1.0 5.00 34.00 39.00 OK
r-oldrel-osx-x86_64 0.1.0 NOTE

Check Details

Version: 0.1.0
Check: dependencies in R code
Result: NOTE
    Namespaces in Imports field not imported from:
     ‘dplyr’ ‘htmlwidgets’ ‘jsonlite’ ‘sf’
     All declared Imports should be used.
Flavors: r-devel-linux-x86_64-fedora-clang, r-devel-linux-x86_64-fedora-gcc, r-patched-solaris-x86, r-release-osx-x86_64, r-oldrel-osx-x86_64