CRAN Package Check Results for Package leaftime

Last updated on 2023-12-05 00:52:07 CET.

Flavor Version Tinstall Tcheck Ttotal Status Flags
r-devel-linux-x86_64-debian-clang 0.2.0 2.80 27.95 30.75 NOTE
r-devel-linux-x86_64-debian-gcc 0.2.0 1.81 21.90 23.71 NOTE
r-devel-linux-x86_64-fedora-clang 0.2.0 39.77 NOTE
r-devel-linux-x86_64-fedora-gcc 0.2.0 37.39 NOTE
r-devel-windows-x86_64 0.2.0 4.00 44.00 48.00 NOTE
r-patched-linux-x86_64 0.2.0 2.15 28.29 30.44 NOTE
r-release-linux-x86_64 0.2.0 2.01 28.02 30.03 NOTE
r-release-macos-arm64 0.2.0 18.00 NOTE
r-release-macos-x86_64 0.2.0 24.00 NOTE
r-release-windows-x86_64 0.2.0 5.00 45.00 50.00 NOTE
r-oldrel-macos-arm64 0.2.0 17.00 NOTE
r-oldrel-macos-x86_64 0.2.0 31.00 NOTE
r-oldrel-windows-x86_64 0.2.0 5.00 48.00 53.00 NOTE

Check Details

Version: 0.2.0
Check: LazyData
Result: NOTE 'LazyData' is specified without a 'data' directory Flavors: r-devel-linux-x86_64-debian-clang, r-devel-linux-x86_64-debian-gcc, r-devel-linux-x86_64-fedora-clang, r-devel-linux-x86_64-fedora-gcc, r-devel-windows-x86_64, r-patched-linux-x86_64, r-release-linux-x86_64, r-release-macos-arm64, r-release-macos-x86_64, r-release-windows-x86_64, r-oldrel-macos-arm64, r-oldrel-macos-x86_64, r-oldrel-windows-x86_64