CRAN Package Check Results for Package leaftime

Last updated on 2022-11-28 17:52:58 CET.

Flavor Version Tinstall Tcheck Ttotal Status Flags
r-devel-linux-x86_64-debian-clang 0.2.0 2.89 30.00 32.89 NOTE
r-devel-linux-x86_64-debian-gcc 0.2.0 2.43 23.24 25.67 NOTE
r-devel-linux-x86_64-fedora-clang 0.2.0 53.23 NOTE
r-devel-linux-x86_64-fedora-gcc 0.2.0 51.96 NOTE
r-devel-windows-x86_64 0.2.0 6.00 60.00 66.00 NOTE
r-patched-linux-x86_64 0.2.0 3.12 28.82 31.94 NOTE
r-release-linux-x86_64 0.2.0 2.59 28.76 31.35 NOTE
r-release-macos-arm64 0.2.0 17.00 NOTE
r-release-macos-x86_64 0.2.0 31.00 NOTE
r-release-windows-x86_64 0.2.0 16.00 58.00 74.00 NOTE
r-oldrel-macos-arm64 0.2.0 21.00 NOTE
r-oldrel-macos-x86_64 0.2.0 26.00 NOTE
r-oldrel-windows-ix86+x86_64 0.2.0 9.00 52.00 61.00 NOTE

Check Details

Version: 0.2.0
Check: LazyData
Result: NOTE
     'LazyData' is specified without a 'data' directory
Flavors: r-devel-linux-x86_64-debian-clang, r-devel-linux-x86_64-debian-gcc, r-devel-linux-x86_64-fedora-clang, r-devel-linux-x86_64-fedora-gcc, r-devel-windows-x86_64, r-patched-linux-x86_64, r-release-linux-x86_64, r-release-macos-arm64, r-release-macos-x86_64, r-release-windows-x86_64, r-oldrel-macos-arm64, r-oldrel-macos-x86_64, r-oldrel-windows-ix86+x86_64