CRAN Package Check Results for Package leapp

Last updated on 2019-09-17 23:47:16 CEST.

Flavor Version Tinstall Tcheck Ttotal Status Flags
r-devel-linux-x86_64-debian-clang 1.2 18.18 156.70 174.88 NOTE
r-devel-linux-x86_64-debian-gcc 1.2 15.08 123.75 138.83 NOTE
r-devel-linux-x86_64-fedora-clang 1.2 222.91 NOTE
r-devel-linux-x86_64-fedora-gcc 1.2 208.88 NOTE
r-devel-windows-ix86+x86_64 1.2 54.00 150.00 204.00 NOTE
r-patched-linux-x86_64 1.2 16.55 148.22 164.77 NOTE
r-patched-solaris-x86 1.2 314.70 NOTE
r-release-linux-x86_64 1.2 15.16 148.50 163.66 NOTE
r-release-windows-ix86+x86_64 1.2 40.00 222.00 262.00 NOTE
r-release-osx-x86_64 1.2 ERROR
r-oldrel-windows-ix86+x86_64 1.2 33.00 149.00 182.00 NOTE
r-oldrel-osx-x86_64 1.2 NOTE

Check Details

Version: 1.2
Check: R code for possible problems
Result: NOTE
    AlternateSVD: no visible binding for global variable 'sd'
    IPOD: no visible global function definition for 'mad'
    IPOD: no visible global function definition for 'pnorm'
    Pvalue: no visible global function definition for 'pf'
    ROCplot: no visible global function definition for 'png'
    ROCplot: no visible global function definition for 'matplot'
    ROCplot: no visible global function definition for 'legend'
    ROCplot: no visible global function definition for 'dev.off'
    leapp: no visible global function definition for 'png'
    leapp: no visible global function definition for 'plot'
    leapp: no visible global function definition for 'dev.off'
    ridge: no visible global function definition for 'sd'
    ridge: no visible global function definition for 'pnorm'
    Undefined global functions or variables:
     dev.off legend mad matplot pf plot png pnorm sd
    Consider adding
     importFrom("grDevices", "dev.off", "png")
     importFrom("graphics", "legend", "matplot", "plot")
     importFrom("stats", "mad", "pf", "pnorm", "sd")
    to your NAMESPACE file.
Flavors: r-devel-linux-x86_64-debian-clang, r-devel-linux-x86_64-debian-gcc, r-devel-linux-x86_64-fedora-clang, r-devel-linux-x86_64-fedora-gcc, r-devel-windows-ix86+x86_64, r-patched-linux-x86_64, r-patched-solaris-x86, r-release-linux-x86_64, r-release-windows-ix86+x86_64, r-oldrel-windows-ix86+x86_64, r-oldrel-osx-x86_64

Version: 1.2
Check: package dependencies
Result: ERROR
    Package required but not available: ‘sva’
    
    See section ‘The DESCRIPTION file’ in the ‘Writing R Extensions’
    manual.
Flavor: r-release-osx-x86_64