CRAN Package Check Results for Package learnr

Last updated on 2021-04-23 10:48:27 CEST.

Flavor Version Tinstall Tcheck Ttotal Status Flags
r-devel-linux-x86_64-debian-clang 0.10.1 6.80 63.65 70.45 NOTE
r-devel-linux-x86_64-debian-gcc 0.10.1 5.64 48.59 54.23 NOTE
r-devel-linux-x86_64-fedora-clang 0.10.1 94.16 NOTE
r-devel-linux-x86_64-fedora-gcc 0.10.1 92.57 NOTE
r-devel-windows-ix86+x86_64 0.10.1 14.00 79.00 93.00 NOTE
r-devel-windows-x86_64-gcc10-UCRT 0.10.1 NOTE
r-patched-linux-x86_64 0.10.1 5.98 61.21 67.19 NOTE
r-patched-solaris-x86 0.10.1 118.60 OK
r-release-linux-x86_64 0.10.1 6.59 59.92 66.51 OK
r-release-macos-x86_64 0.10.1 OK
r-release-windows-ix86+x86_64 0.10.1 15.00 73.00 88.00 OK
r-oldrel-macos-x86_64 0.10.1 OK
r-oldrel-windows-ix86+x86_64 0.10.1 30.00 78.00 108.00 OK

Check Details

Version: 0.10.1
Check: LazyData
Result: NOTE
     'LazyData' is specified without a 'data' directory
Flavors: r-devel-linux-x86_64-debian-clang, r-devel-linux-x86_64-debian-gcc, r-devel-linux-x86_64-fedora-clang, r-devel-linux-x86_64-fedora-gcc, r-devel-windows-ix86+x86_64, r-devel-windows-x86_64-gcc10-UCRT, r-patched-linux-x86_64