CRAN Package Check Results for Package lefse

Last updated on 2019-04-22 04:51:37 CEST.

Flavor Version Tinstall Tcheck Ttotal Status Flags
r-devel-linux-x86_64-debian-clang 0.1 8.28 81.50 89.78 NOTE
r-devel-linux-x86_64-debian-gcc 0.1 8.03 65.12 73.15 NOTE
r-devel-linux-x86_64-fedora-clang 0.1 106.09 NOTE
r-devel-linux-x86_64-fedora-gcc 0.1 105.47 NOTE
r-devel-windows-ix86+x86_64 0.1 26.00 97.00 123.00 NOTE
r-patched-linux-x86_64 0.1 9.72 80.42 90.14 NOTE
r-patched-solaris-x86 0.1 165.30 NOTE
r-release-linux-x86_64 0.1 6.05 78.12 84.17 NOTE
r-release-windows-ix86+x86_64 0.1 11.00 119.00 130.00 NOTE
r-release-osx-x86_64 0.1 NOTE
r-oldrel-windows-ix86+x86_64 0.1 13.00 138.00 151.00 NOTE
r-oldrel-osx-x86_64 0.1 NOTE

Check Details

Version: 0.1
Check: R code for possible problems
Result: NOTE
    Fmntd.a : Fmntd.a.sub: no visible global function definition for
     'weighted.mean'
    Fmpd : Fmpd.sub: no visible global function definition for 'as.dist'
    Fmpd.a : Fmpd.a.sub: no visible global function definition for
     'weighted.mean'
    Fsntd : Fsntd.sub: no visible global function definition for 'sd'
    com.trait.moments : skewness: no visible global function definition for
     'var'
    com.trait.moments : kurtosis: no visible global function definition for
     'var'
    com.trait.moments : sd.funk: no visible global function definition for
     'sd'
    com.trait.weighted : weight.mean.funk: no visible global function
     definition for 'weighted.mean'
    Undefined global functions or variables:
     as.dist sd var weighted.mean
    Consider adding
     importFrom("stats", "as.dist", "sd", "var", "weighted.mean")
    to your NAMESPACE file.
Flavors: r-devel-linux-x86_64-debian-clang, r-devel-linux-x86_64-debian-gcc, r-devel-linux-x86_64-fedora-clang, r-devel-linux-x86_64-fedora-gcc, r-devel-windows-ix86+x86_64, r-patched-linux-x86_64, r-patched-solaris-x86, r-release-linux-x86_64, r-release-windows-ix86+x86_64, r-release-osx-x86_64, r-oldrel-windows-ix86+x86_64, r-oldrel-osx-x86_64