CRAN Package Check Results for Package lefse

Last updated on 2019-06-17 09:49:47 CEST.

Flavor Version Tinstall Tcheck Ttotal Status Flags
r-devel-linux-x86_64-debian-clang 0.1 9.38 79.93 89.31 NOTE
r-devel-linux-x86_64-debian-gcc 0.1 9.10 65.78 74.88 NOTE
r-devel-linux-x86_64-fedora-clang 0.1 107.11 NOTE
r-devel-linux-x86_64-fedora-gcc 0.1 103.03 NOTE
r-devel-windows-ix86+x86_64 0.1 29.00 94.00 123.00 NOTE
r-patched-linux-x86_64 0.1 8.64 79.51 88.15 NOTE
r-patched-solaris-x86 0.1 171.30 NOTE
r-release-linux-x86_64 0.1 9.38 80.06 89.44 NOTE
r-release-windows-ix86+x86_64 0.1 19.00 126.00 145.00 NOTE
r-release-osx-x86_64 0.1 NOTE
r-oldrel-windows-ix86+x86_64 0.1 10.00 121.00 131.00 NOTE
r-oldrel-osx-x86_64 0.1 NOTE

Check Details

Version: 0.1
Check: R code for possible problems
Result: NOTE
    Fmntd.a : Fmntd.a.sub: no visible global function definition for
     'weighted.mean'
    Fmpd : Fmpd.sub: no visible global function definition for 'as.dist'
    Fmpd.a : Fmpd.a.sub: no visible global function definition for
     'weighted.mean'
    Fsntd : Fsntd.sub: no visible global function definition for 'sd'
    com.trait.moments : skewness: no visible global function definition for
     'var'
    com.trait.moments : kurtosis: no visible global function definition for
     'var'
    com.trait.moments : sd.funk: no visible global function definition for
     'sd'
    com.trait.weighted : weight.mean.funk: no visible global function
     definition for 'weighted.mean'
    Undefined global functions or variables:
     as.dist sd var weighted.mean
    Consider adding
     importFrom("stats", "as.dist", "sd", "var", "weighted.mean")
    to your NAMESPACE file.
Flavors: r-devel-linux-x86_64-debian-clang, r-devel-linux-x86_64-debian-gcc, r-devel-linux-x86_64-fedora-clang, r-devel-linux-x86_64-fedora-gcc, r-devel-windows-ix86+x86_64, r-patched-linux-x86_64, r-patched-solaris-x86, r-release-linux-x86_64, r-release-windows-ix86+x86_64, r-release-osx-x86_64, r-oldrel-windows-ix86+x86_64, r-oldrel-osx-x86_64