Last updated on 2022-05-21 16:49:05 CEST.
Flavor | Version | Tinstall | Tcheck | Ttotal | Status | Flags |
---|---|---|---|---|---|---|
r-devel-linux-x86_64-debian-clang | 0.1.1 | 60.94 | 139.70 | 200.64 | OK | |
r-devel-linux-x86_64-debian-gcc | 0.1.1 | 49.41 | 100.26 | 149.67 | OK | |
r-devel-linux-x86_64-fedora-clang | 0.1.1 | 267.18 | OK | |||
r-devel-linux-x86_64-fedora-gcc | 0.1.1 | 251.65 | OK | |||
r-devel-windows-x86_64 | 0.1.1 | 54.00 | 174.00 | 228.00 | NOTE | |
r-patched-linux-x86_64 | 0.1.1 | 52.47 | 127.27 | 179.74 | OK | |
r-release-linux-x86_64 | 0.1.1 | 51.52 | 131.30 | 182.82 | OK | |
r-release-macos-arm64 | 0.1.1 | 61.00 | OK | |||
r-release-macos-x86_64 | 0.1.1 | 103.00 | OK | |||
r-release-windows-x86_64 | 0.1.1 | 54.00 | 185.00 | 239.00 | NOTE | |
r-oldrel-macos-arm64 | 0.1.1 | 57.00 | OK | |||
r-oldrel-macos-x86_64 | 0.1.1 | 82.00 | OK | |||
r-oldrel-windows-ix86+x86_64 | 0.1.1 | 136.00 | 201.00 | 337.00 | NOTE |
Version: 0.1.1
Check: package dependencies
Result: NOTE
Package suggested but not available for checking: 'doMC'
Flavors: r-devel-windows-x86_64, r-release-windows-x86_64, r-oldrel-windows-ix86+x86_64