CRAN Package Check Results for Package leiden

Last updated on 2022-06-30 14:53:26 CEST.

Flavor Version Tinstall Tcheck Ttotal Status Flags
r-devel-linux-x86_64-debian-clang 0.4.2 15.74 158.89 174.63 OK
r-devel-linux-x86_64-debian-gcc 0.4.2 10.49 120.54 131.03 OK
r-devel-linux-x86_64-fedora-clang 0.4.2 211.78 NOTE
r-devel-linux-x86_64-fedora-gcc 0.4.2 210.81 OK
r-devel-windows-x86_64 0.4.2 323.00 508.00 831.00 NOTE
r-patched-linux-x86_64 0.4.2 12.74 156.73 169.47 OK
r-release-linux-x86_64 0.4.2 12.13 154.80 166.93 OK
r-release-macos-arm64 0.4.2 65.00 NOTE
r-release-macos-x86_64 0.4.2 95.00 NOTE
r-release-windows-x86_64 0.4.2 1394.00 617.00 2011.00 NOTE
r-oldrel-macos-arm64 0.4.2 61.00 NOTE
r-oldrel-macos-x86_64 0.4.2 92.00 NOTE
r-oldrel-windows-ix86+x86_64 0.4.2 62.00 343.00 405.00 NOTE

Check Details

Version: 0.4.2
Check: installed package size
Result: NOTE
     installed size is 5.6Mb
     sub-directories of 1Mb or more:
     doc 5.4Mb
Flavors: r-devel-linux-x86_64-fedora-clang, r-devel-windows-x86_64, r-release-macos-arm64, r-release-macos-x86_64, r-release-windows-x86_64, r-oldrel-macos-arm64, r-oldrel-macos-x86_64, r-oldrel-windows-ix86+x86_64