Last updated on 2022-06-26 11:17:19 CEST.
Flavor | Version | Tinstall | Tcheck | Ttotal | Status | Flags |
---|---|---|---|---|---|---|
r-devel-linux-x86_64-debian-clang | 0.4.5 | 14.28 | 228.78 | 243.06 | NOTE | |
r-devel-linux-x86_64-debian-gcc | 0.4.5 | 10.53 | 161.04 | 171.57 | NOTE | |
r-devel-linux-x86_64-fedora-clang | 0.4.5 | 280.19 | NOTE | |||
r-devel-linux-x86_64-fedora-gcc | 0.4.5 | 279.63 | NOTE | |||
r-devel-windows-x86_64 | 0.4.5 | 46.00 | 329.00 | 375.00 | NOTE | |
r-patched-linux-x86_64 | 0.4.5 | 15.98 | 207.85 | 223.83 | NOTE | |
r-release-linux-x86_64 | 0.4.5 | 13.71 | 205.05 | 218.76 | NOTE | |
r-release-macos-arm64 | 0.4.5 | 157.00 | NOTE | |||
r-release-macos-x86_64 | 0.4.5 | 235.00 | NOTE | |||
r-release-windows-x86_64 | 0.4.5 | 42.00 | 299.00 | 341.00 | NOTE | |
r-oldrel-macos-arm64 | 0.4.5 | 156.00 | NOTE | |||
r-oldrel-macos-x86_64 | 0.4.5 | 161.00 | NOTE | |||
r-oldrel-windows-ix86+x86_64 | 0.4.5 | 28.00 | 216.00 | 244.00 | NOTE |
Version: 0.4.5
Check: LazyData
Result: NOTE
'LazyData' is specified without a 'data' directory
Flavors: r-devel-linux-x86_64-debian-clang, r-devel-linux-x86_64-debian-gcc, r-devel-linux-x86_64-fedora-clang, r-devel-linux-x86_64-fedora-gcc, r-devel-windows-x86_64, r-patched-linux-x86_64, r-release-linux-x86_64, r-release-macos-arm64, r-release-macos-x86_64, r-release-windows-x86_64, r-oldrel-macos-arm64, r-oldrel-macos-x86_64, r-oldrel-windows-ix86+x86_64