Last updated on 2022-08-08 07:51:02 CEST.
Flavor | Version | Tinstall | Tcheck | Ttotal | Status | Flags |
---|---|---|---|---|---|---|
r-devel-linux-x86_64-debian-clang | 4.2.2 | 39.78 | 280.39 | 320.17 | OK | |
r-devel-linux-x86_64-debian-gcc | 4.2.2 | 32.74 | 205.26 | 238.00 | OK | |
r-devel-linux-x86_64-fedora-clang | 4.2.2 | 385.02 | NOTE | |||
r-devel-linux-x86_64-fedora-gcc | 4.2.2 | 389.12 | OK | |||
r-devel-windows-x86_64 | 4.2.2 | 92.00 | 323.00 | 415.00 | NOTE | |
r-patched-linux-x86_64 | 4.2.2 | 47.96 | 266.48 | 314.44 | OK | |
r-release-linux-x86_64 | 4.2.2 | OK | ||||
r-release-macos-arm64 | 4.2.2 | 106.00 | NOTE | |||
r-release-macos-x86_64 | 4.2.2 | 143.00 | NOTE | |||
r-release-windows-x86_64 | 4.2.2 | 111.00 | 335.00 | 446.00 | NOTE | |
r-oldrel-macos-arm64 | 4.2.2 | 106.00 | NOTE | |||
r-oldrel-macos-x86_64 | 4.2.2 | 159.00 | NOTE | |||
r-oldrel-windows-ix86+x86_64 | 4.2.2 | 65.00 | 328.00 | 393.00 | NOTE |
Version: 4.2.2
Check: installed package size
Result: NOTE
installed size is 8.3Mb
sub-directories of 1Mb or more:
R 1.3Mb
doc 5.8Mb
Flavors: r-devel-linux-x86_64-fedora-clang, r-devel-windows-x86_64, r-release-macos-arm64, r-release-macos-x86_64, r-release-windows-x86_64, r-oldrel-macos-arm64, r-oldrel-macos-x86_64, r-oldrel-windows-ix86+x86_64