CRAN Package Check Results for Package lfe

Last updated on 2018-08-19 02:47:51 CEST.

Flavor Version Tinstall Tcheck Ttotal Status Flags
r-devel-linux-x86_64-debian-clang 2.8 14.07 213.09 227.16 OK
r-devel-linux-x86_64-debian-gcc 2.8 11.15 172.29 183.44 WARN
r-devel-linux-x86_64-fedora-clang 2.8 269.15 OK
r-devel-linux-x86_64-fedora-gcc 2.8 278.56 WARN
r-devel-windows-ix86+x86_64 2.8 48.00 433.00 481.00 OK
r-patched-linux-x86_64 2.8 13.09 195.08 208.17 WARN
r-patched-solaris-x86 2.8 291.30 OK --no-build-vignettes
r-release-linux-x86_64 2.8 15.02 195.53 210.55 WARN
r-release-windows-ix86+x86_64 2.8 47.00 361.00 408.00 OK
r-release-osx-x86_64 2.8 OK
r-oldrel-windows-ix86+x86_64 2.8 34.00 277.00 311.00 OK
r-oldrel-osx-x86_64 2.8 OK

Check Details

Version: 2.8
Check: whether package can be installed
Result: WARN
    Found the following significant warnings:
     demean.c:282:35: warning: ‘snprintf’ output may be truncated before the last format character [-Wformat-truncation=]
     kaczmarz.c:220:36: warning: ‘snprintf’ output may be truncated before the last format character [-Wformat-truncation=]
Flavors: r-devel-linux-x86_64-debian-gcc, r-devel-linux-x86_64-fedora-gcc, r-patched-linux-x86_64, r-release-linux-x86_64