CRAN Package Check Results for Package lfl

Last updated on 2020-02-20 21:47:31 CET.

Flavor Version Tinstall Tcheck Ttotal Status Flags
r-devel-linux-x86_64-debian-clang 2.0 74.81 96.52 171.33 OK
r-devel-linux-x86_64-debian-gcc 2.0 46.66 70.34 117.00 OK
r-devel-linux-x86_64-fedora-clang 2.0 218.76 NOTE
r-devel-linux-x86_64-fedora-gcc 2.0 205.05 NOTE
r-devel-windows-ix86+x86_64 2.0 136.00 165.00 301.00 NOTE
r-devel-windows-ix86+x86_64-gcc8 2.0 189.00 248.00 437.00 NOTE
r-patched-linux-x86_64 2.0 58.91 83.51 142.42 OK
r-patched-solaris-x86 2.0 210.00 NOTE
r-release-linux-x86_64 2.0 55.81 84.33 140.14 OK
r-release-windows-ix86+x86_64 2.0 128.00 154.00 282.00 NOTE
r-release-osx-x86_64 2.0 NOTE
r-oldrel-windows-ix86+x86_64 2.0 182.00 213.00 395.00 NOTE
r-oldrel-osx-x86_64 2.0 NOTE

Check Details

Version: 2.0
Check: dependencies in R code
Result: NOTE
    Namespace in Imports field not imported from: ‘utils’
     All declared Imports should be used.
Flavors: r-devel-linux-x86_64-fedora-clang, r-devel-linux-x86_64-fedora-gcc, r-patched-solaris-x86, r-release-osx-x86_64, r-oldrel-osx-x86_64

Version: 2.0
Check: package dependencies
Result: NOTE
    Package suggested but not available for checking: 'doMC'
Flavors: r-devel-windows-ix86+x86_64, r-devel-windows-ix86+x86_64-gcc8, r-release-windows-ix86+x86_64, r-oldrel-windows-ix86+x86_64

Version: 2.0
Check: Rd cross-references
Result: NOTE
    Package unavailable to check Rd xrefs: 'doMC'
Flavors: r-devel-windows-ix86+x86_64, r-devel-windows-ix86+x86_64-gcc8, r-release-windows-ix86+x86_64, r-oldrel-windows-ix86+x86_64