CRAN Package Check Results for Package lfl

Last updated on 2021-04-15 01:50:27 CEST.

Flavor Version Tinstall Tcheck Ttotal Status Flags
r-devel-linux-x86_64-debian-clang 2.1.1 82.11 117.99 200.10 OK
r-devel-linux-x86_64-debian-gcc 2.1.1 49.86 87.11 136.97 OK
r-devel-linux-x86_64-fedora-clang 2.1.1 267.83 OK
r-devel-linux-x86_64-fedora-gcc 2.1.1 236.11 OK
r-devel-windows-ix86+x86_64 2.1.1 184.00 248.00 432.00 NOTE
r-devel-windows-x86_64-gcc10-UCRT 2.1.1 NOTE
r-patched-linux-x86_64 2.1.1 61.59 110.89 172.48 OK
r-patched-solaris-x86 2.1.1 277.70 OK
r-release-linux-x86_64 2.1.1 61.54 110.42 171.96 OK
r-release-macos-x86_64 2.1.1 OK
r-release-windows-ix86+x86_64 2.1.1 182.00 238.00 420.00 NOTE
r-oldrel-macos-x86_64 2.1.1 OK
r-oldrel-windows-ix86+x86_64 2.1.1 121.00 179.00 300.00 NOTE

Check Details

Version: 2.1.1
Check: package dependencies
Result: NOTE
    Package suggested but not available for checking: 'doMC'
Flavors: r-devel-windows-ix86+x86_64, r-devel-windows-x86_64-gcc10-UCRT, r-release-windows-ix86+x86_64, r-oldrel-windows-ix86+x86_64

Version: 2.1.1
Check: Rd cross-references
Result: NOTE
    Package unavailable to check Rd xrefs: 'doMC'
Flavors: r-devel-windows-ix86+x86_64, r-devel-windows-x86_64-gcc10-UCRT, r-release-windows-ix86+x86_64, r-oldrel-windows-ix86+x86_64