CRAN Package Check Results for Package lfl

Last updated on 2018-08-18 12:50:10 CEST.

Flavor Version Tinstall Tcheck Ttotal Status Flags
r-devel-linux-x86_64-debian-clang 1.4.2 46.70 82.89 129.59 OK
r-devel-linux-x86_64-debian-gcc 1.4.2 44.19 65.52 109.71 OK
r-devel-linux-x86_64-fedora-clang 1.4.2 175.57 OK
r-devel-linux-x86_64-fedora-gcc 1.4.2 169.98 OK
r-devel-windows-ix86+x86_64 1.4.2 138.00 226.00 364.00 OK
r-patched-linux-x86_64 1.4.2 54.89 76.30 131.19 OK
r-patched-solaris-x86 1.4.2 195.80 OK
r-release-linux-x86_64 1.4.2 54.64 75.75 130.39 OK
r-release-windows-ix86+x86_64 1.4.2 156.00 200.00 356.00 OK
r-release-osx-x86_64 1.4.2 OK
r-oldrel-windows-ix86+x86_64 1.4.2 111.00 120.00 231.00 WARN
r-oldrel-osx-x86_64 1.4.2 OK

Check Details

Version: 1.4.2
Check: whether package can be installed
Result: WARN
    Found the following significant warnings:
     Warning: S3 methods '[.fun_list', '[.grouped_df', 'all.equal.tbl_df', 'anti_join.data.frame', 'anti_join.tbl_df', 'arrange.data.frame', 'arrange.default', 'arrange.grouped_df', 'arrange.tbl_df', 'arrange_.data.frame', 'arrange_.tbl_df', 'as.data.frame.grouped_df', 'as.data.frame.rowwise_df', 'as.data.frame.tbl_cube', 'as.data.frame.tbl_df', 'as.table.tbl_cube', 'as.tbl.data.frame', 'as.tbl.tbl', 'as.tbl_cube.array', 'as.tbl_cube.data.frame', 'as.tbl_cube.matrix', 'as.tbl_cube.table', 'as_data_frame.grouped_df', 'as_data_frame.tbl_cube', 'auto_copy.tbl_cube', 'auto_copy.tbl_df', 'cbind.grouped_df', 'collapse.data.frame', 'collect.data.frame', 'common_by.NULL', 'common_by.character', 'common_by.default', 'common_by.list', 'compute.data.frame', 'copy_to.DBIConnection', 'copy_to.src_local', 'default_missing.data.frame', 'default_missing.default', 'dim.tbl_cube', 'distinct.data.frame', 'distinct.default', 'distinct.grouped_df', 'distinct.tbl_df', 'distinct_.data.frame', 'distinct_.grouped_df', 'dist [... truncated]
Flavor: r-oldrel-windows-ix86+x86_64