CRAN Package Check Results for Package lfmm

Last updated on 2022-08-15 04:50:18 CEST.

Flavor Version Tinstall Tcheck Ttotal Status Flags
r-devel-linux-x86_64-debian-clang 1.1 40.89 201.72 242.61 OK
r-devel-linux-x86_64-debian-gcc 1.1 35.25 145.86 181.11 OK
r-devel-linux-x86_64-fedora-clang 1.1 317.86 NOTE
r-devel-linux-x86_64-fedora-gcc 1.1 306.74 NOTE
r-devel-windows-x86_64 1.1 44.00 254.00 298.00 OK
r-patched-linux-x86_64 1.1 37.50 188.68 226.18 OK
r-release-linux-x86_64 1.1 39.59 187.48 227.07 OK
r-release-macos-arm64 1.1 85.00 NOTE
r-release-macos-x86_64 1.1 164.00 NOTE
r-release-windows-x86_64 1.1 48.00 228.00 276.00 OK
r-oldrel-macos-arm64 1.1 115.00 NOTE
r-oldrel-macos-x86_64 1.1 117.00 NOTE
r-oldrel-windows-ix86+x86_64 1.1 96.00 354.00 450.00 OK

Check Details

Version: 1.1
Check: installed package size
Result: NOTE
     installed size is 11.1Mb
     sub-directories of 1Mb or more:
     data 1.8Mb
     libs 8.8Mb
Flavors: r-devel-linux-x86_64-fedora-clang, r-release-macos-arm64, r-release-macos-x86_64, r-oldrel-macos-arm64, r-oldrel-macos-x86_64

Version: 1.1
Check: dependencies in R code
Result: NOTE
    Namespaces in Imports field not imported from:
     ‘ggplot2’ ‘knitr’ ‘purrr’ ‘rmarkdown’
     All declared Imports should be used.
Flavors: r-devel-linux-x86_64-fedora-clang, r-devel-linux-x86_64-fedora-gcc, r-release-macos-arm64, r-release-macos-x86_64, r-oldrel-macos-arm64, r-oldrel-macos-x86_64