CRAN Package Check Results for Package lg

Last updated on 2022-05-21 11:50:54 CEST.

Flavor Version Tinstall Tcheck Ttotal Status Flags
r-devel-linux-x86_64-debian-clang 0.4.1 6.59 57.17 63.76 NOTE
r-devel-linux-x86_64-debian-gcc 0.4.1 4.17 42.97 47.14 NOTE
r-devel-linux-x86_64-fedora-clang 0.4.1 73.85 NOTE
r-devel-linux-x86_64-fedora-gcc 0.4.1 71.82 NOTE
r-devel-windows-x86_64 0.4.1 26.00 78.00 104.00 NOTE
r-patched-linux-x86_64 0.4.1 5.37 54.25 59.62 NOTE
r-release-linux-x86_64 0.4.1 4.47 54.39 58.86 NOTE
r-release-macos-arm64 0.4.1 20.00 NOTE
r-release-macos-x86_64 0.4.1 39.00 NOTE
r-release-windows-x86_64 0.4.1 21.00 77.00 98.00 NOTE
r-oldrel-macos-arm64 0.4.1 28.00 NOTE
r-oldrel-macos-x86_64 0.4.1 37.00 NOTE
r-oldrel-windows-ix86+x86_64 0.4.1 11.00 68.00 79.00 NOTE

Check Details

Version: 0.4.1
Check: LazyData
Result: NOTE
     'LazyData' is specified without a 'data' directory
Flavors: r-devel-linux-x86_64-debian-clang, r-devel-linux-x86_64-debian-gcc, r-devel-linux-x86_64-fedora-clang, r-devel-linux-x86_64-fedora-gcc, r-devel-windows-x86_64, r-patched-linux-x86_64, r-release-linux-x86_64, r-release-macos-arm64, r-release-macos-x86_64, r-release-windows-x86_64, r-oldrel-macos-arm64, r-oldrel-macos-x86_64, r-oldrel-windows-ix86+x86_64