CRAN Package Check Results for Package lgr

Last updated on 2021-04-17 10:50:05 CEST.

Flavor Version Tinstall Tcheck Ttotal Status Flags
r-devel-linux-x86_64-debian-clang 0.4.2 17.43 66.26 83.69 NOTE
r-devel-linux-x86_64-debian-gcc 0.4.2 15.21 52.66 67.87 NOTE
r-devel-linux-x86_64-fedora-clang 0.4.2 118.04 NOTE
r-devel-linux-x86_64-fedora-gcc 0.4.2 108.11 NOTE
r-devel-windows-ix86+x86_64 0.4.2 30.00 95.00 125.00 NOTE
r-devel-windows-x86_64-gcc10-UCRT 0.4.2 NOTE
r-patched-linux-x86_64 0.4.2 16.32 62.62 78.94 OK
r-patched-solaris-x86 0.4.2 136.60 OK
r-release-linux-x86_64 0.4.2 17.06 63.13 80.19 OK
r-release-macos-x86_64 0.4.2 OK
r-release-windows-ix86+x86_64 0.4.2 22.00 91.00 113.00 OK
r-oldrel-macos-x86_64 0.4.2 OK
r-oldrel-windows-ix86+x86_64 0.4.2 19.00 83.00 102.00 OK

Check Details

Version: 0.4.2
Check: LazyData
Result: NOTE
     'LazyData' is specified without a 'data' directory
Flavors: r-devel-linux-x86_64-debian-clang, r-devel-linux-x86_64-debian-gcc, r-devel-linux-x86_64-fedora-clang, r-devel-linux-x86_64-fedora-gcc, r-devel-windows-ix86+x86_64, r-devel-windows-x86_64-gcc10-UCRT