Last updated on 2023-06-09 15:58:52 CEST.
Flavor | Version | Tinstall | Tcheck | Ttotal | Status | Flags |
---|---|---|---|---|---|---|
r-devel-linux-x86_64-debian-clang | 1.0.5 | 37.01 | 356.78 | 393.79 | OK | |
r-devel-linux-x86_64-debian-gcc | 1.0.5 | 25.95 | 261.59 | 287.54 | OK | |
r-devel-linux-x86_64-fedora-clang | 1.0.5 | 503.39 | OK | |||
r-devel-linux-x86_64-fedora-gcc | 1.0.5 | 493.55 | OK | |||
r-devel-windows-x86_64 | 1.0.5 | 29.00 | 263.00 | 292.00 | OK | |
r-patched-linux-x86_64 | 1.0.5 | 32.17 | 330.35 | 362.52 | OK | |
r-release-linux-x86_64 | 1.0.5 | 22.77 | 333.03 | 355.80 | OK | |
r-release-macos-arm64 | 1.0.5 | 171.00 | OK | |||
r-release-macos-x86_64 | 1.0.5 | 269.00 | NOTE | |||
r-release-windows-x86_64 | 1.0.5 | 42.00 | 324.00 | 366.00 | OK | |
r-oldrel-macos-arm64 | 1.0.5 | 171.00 | OK | |||
r-oldrel-macos-x86_64 | 1.0.5 | 222.00 | OK | |||
r-oldrel-windows-x86_64 | 1.0.5 | 40.00 | 314.00 | 354.00 | OK |
Version: 1.0.5
Check: package dependencies
Result: NOTE
Package suggested but not available for checking: ‘fpc’
Flavor: r-release-macos-x86_64