CRAN Package Check Results for Package lidR

Last updated on 2018-02-25 23:50:27 CET.

Flavor Version Tinstall Tcheck Ttotal Status Flags
r-devel-linux-x86_64-debian-clang 1.4.1 81.14 171.10 252.24 OK
r-devel-linux-x86_64-debian-gcc 1.4.1 65.41 121.80 187.21 OK
r-devel-linux-x86_64-fedora-clang 1.4.1 339.87 NOTE
r-devel-linux-x86_64-fedora-gcc 1.4.1 291.96 NOTE
r-devel-windows-ix86+x86_64 1.4.1 236.00 332.00 568.00 OK
r-patched-linux-x86_64 1.4.1 84.77 167.81 252.58 OK
r-patched-solaris-x86 1.4.1 362.60 NOTE
r-release-linux-x86_64 1.4.1 84.75 166.88 251.63 OK
r-release-windows-ix86+x86_64 1.4.1 227.00 349.00 576.00 OK
r-release-osx-x86_64 1.4.1 NOTE
r-oldrel-windows-ix86+x86_64 1.4.1 164.00 247.00 411.00 OK
r-oldrel-osx-x86_64 1.3.1 NOTE

Check Details

Version: 1.4.1
Check: package dependencies
Result: NOTE
    Package suggested but not available for checking: ‘EBImage’
Flavors: r-devel-linux-x86_64-fedora-clang, r-devel-linux-x86_64-fedora-gcc, r-release-osx-x86_64

Version: 1.4.1
Check: installed package size
Result: NOTE
     installed size is 5.2Mb
     sub-directories of 1Mb or more:
     libs 3.6Mb
Flavors: r-devel-linux-x86_64-fedora-clang, r-devel-linux-x86_64-fedora-gcc

Version: 1.4.1
Check: dependencies in R code
Result: NOTE
    Namespaces in Imports field not imported from:
     ‘Rcpp’ ‘memoise’
     All declared Imports should be used.
Flavors: r-devel-linux-x86_64-fedora-clang, r-devel-linux-x86_64-fedora-gcc, r-patched-solaris-x86, r-release-osx-x86_64

Version: 1.3.1
Check: dependencies in R code
Result: NOTE
    Namespaces in Imports field not imported from:
     ‘Rcpp’ ‘memoise’
     All declared Imports should be used.
Flavor: r-oldrel-osx-x86_64