CRAN Package Check Results for Package lidR

Last updated on 2018-11-15 06:47:27 CET.

Flavor Version Tinstall Tcheck Ttotal Status Flags
r-devel-linux-x86_64-debian-clang 1.6.1 82.42 193.53 275.95 OK
r-devel-linux-x86_64-debian-gcc 1.6.1 97.07 148.21 245.28 OK
r-devel-linux-x86_64-fedora-clang 1.6.1 416.41 NOTE
r-devel-linux-x86_64-fedora-gcc 1.6.1 378.96 NOTE
r-devel-windows-ix86+x86_64 1.6.1 205.00 288.00 493.00 OK
r-patched-linux-x86_64 1.6.1 114.97 167.11 282.08 OK
r-patched-solaris-x86 1.6.1 417.30 NOTE
r-release-linux-x86_64 1.6.1 119.71 166.35 286.06 OK
r-release-windows-ix86+x86_64 1.6.1 288.00 302.00 590.00 OK
r-release-osx-x86_64 1.6.1 NOTE
r-oldrel-windows-ix86+x86_64 1.6.1 285.00 309.00 594.00 OK
r-oldrel-osx-x86_64 1.6.1 NOTE

Check Details

Version: 1.6.1
Check: installed package size
Result: NOTE
     installed size is 5.9Mb
     sub-directories of 1Mb or more:
     libs 4.2Mb
Flavor: r-devel-linux-x86_64-fedora-clang

Version: 1.6.1
Check: dependencies in R code
Result: NOTE
    Namespaces in Imports field not imported from:
     ‘Rcpp’ ‘memoise’
     All declared Imports should be used.
Flavors: r-devel-linux-x86_64-fedora-clang, r-devel-linux-x86_64-fedora-gcc, r-patched-solaris-x86, r-release-osx-x86_64, r-oldrel-osx-x86_64