CRAN Package Check Results for Package lidR

Last updated on 2019-02-15 20:46:54 CET.

Flavor Version Tinstall Tcheck Ttotal Status Flags
r-devel-linux-x86_64-debian-clang 2.0.1 133.71 380.77 514.48 OK
r-devel-linux-x86_64-debian-gcc 2.0.1 106.28 242.40 348.68 OK
r-devel-linux-x86_64-fedora-clang 2.0.1 575.07 NOTE
r-devel-linux-x86_64-fedora-gcc 2.0.1 499.69 NOTE
r-devel-windows-ix86+x86_64 2.0.1 318.00 539.00 857.00 NOTE
r-patched-linux-x86_64 2.0.1 128.97 283.90 412.87 OK
r-patched-solaris-x86 2.0.1 648.20 ERROR
r-release-linux-x86_64 2.0.1 129.92 285.34 415.26 OK
r-release-windows-ix86+x86_64 2.0.1 216.00 398.00 614.00 NOTE
r-release-osx-x86_64 2.0.1 NOTE
r-oldrel-windows-ix86+x86_64 2.0.1 339.00 641.00 980.00 OK
r-oldrel-osx-x86_64 2.0.1 NOTE

Check Details

Version: 2.0.1
Check: installed package size
Result: NOTE
     installed size is 7.8Mb
     sub-directories of 1Mb or more:
     libs 4.9Mb
Flavors: r-devel-linux-x86_64-fedora-clang, r-devel-windows-ix86+x86_64, r-release-windows-ix86+x86_64, r-release-osx-x86_64, r-oldrel-osx-x86_64

Version: 2.0.1
Check: dependencies in R code
Result: NOTE
    Namespace in Imports field not imported from: ‘Rcpp’
     All declared Imports should be used.
Flavors: r-devel-linux-x86_64-fedora-clang, r-devel-linux-x86_64-fedora-gcc, r-patched-solaris-x86, r-release-osx-x86_64, r-oldrel-osx-x86_64

Version: 2.0.1
Check: tests
Result: ERROR
     Running ‘testthat.R’ [170s/213s]
    Running the tests in ‘tests/testthat.R’ failed.
    Complete output:
     > Sys.setenv("R_TESTS" = "")
     >
     > library(testthat)
     > library(lidR)
     Loading required package: raster
     Loading required package: sp
     >
     > options(lidR.progress = FALSE)
     >
     > test_check("lidR")
     ── 1. Failure: grid_terrain return the same both with LAScatalog and LAS (@test-
     mean(error) not equal to 0.048.
     1/1 mismatches
     [1] 0.0532 - 0.048 == 0.0052
    
     ══ testthat results ═══════════════════════════════════════════════════════════
     OK: 569 SKIPPED: 0 FAILED: 1
     1. Failure: grid_terrain return the same both with LAScatalog and LAS (@test-grid_terrain.R#107)
    
     Error: testthat unit tests failed
     Execution halted
Flavor: r-patched-solaris-x86