CRAN Package Check Results for Package lidR

Last updated on 2018-05-22 18:46:59 CEST.

Flavor Version Tinstall Tcheck Ttotal Status Flags
r-devel-linux-x86_64-debian-clang 1.5.0 116.07 179.58 295.65 OK
r-devel-linux-x86_64-debian-gcc 1.5.0 89.99 134.88 224.87 OK
r-devel-linux-x86_64-fedora-clang 1.5.0 347.47 NOTE
r-devel-linux-x86_64-fedora-gcc 1.5.0 232.47 NOTE
r-devel-windows-ix86+x86_64 1.5.0 194.00 386.00 580.00 OK
r-patched-linux-x86_64 1.5.0 115.12 160.40 275.52 OK
r-patched-solaris-x86 1.5.0 346.60 NOTE
r-release-linux-x86_64 1.5.0 115.96 154.87 270.83 OK
r-release-windows-ix86+x86_64 1.5.0 195.00 360.00 555.00 OK
r-release-osx-x86_64 1.5.0 NOTE
r-oldrel-windows-ix86+x86_64 1.5.0 285.00 378.00 663.00 OK
r-oldrel-osx-x86_64 1.4.2 NOTE

Check Details

Version: 1.5.0
Check: installed package size
Result: NOTE
     installed size is 5.7Mb
     sub-directories of 1Mb or more:
     libs 4.0Mb
Flavors: r-devel-linux-x86_64-fedora-clang, r-devel-linux-x86_64-fedora-gcc

Version: 1.5.0
Check: dependencies in R code
Result: NOTE
    Namespaces in Imports field not imported from:
     ‘Rcpp’ ‘memoise’
     All declared Imports should be used.
Flavors: r-devel-linux-x86_64-fedora-clang, r-devel-linux-x86_64-fedora-gcc, r-patched-solaris-x86, r-release-osx-x86_64

Version: 1.5.0
Check: examples
Result: FAIL
    
Flavor: r-release-osx-x86_64

Version: 1.4.2
Check: dependencies in R code
Result: NOTE
    Namespaces in Imports field not imported from:
     ‘Rcpp’ ‘memoise’
     All declared Imports should be used.
Flavor: r-oldrel-osx-x86_64