CRAN Package Check Results for Package lidR

Last updated on 2018-08-21 06:50:11 CEST.

Flavor Version Tinstall Tcheck Ttotal Status Flags
r-devel-linux-x86_64-debian-clang 1.6.0 105.92 180.86 286.78 OK
r-devel-linux-x86_64-debian-gcc 1.6.0 99.50 138.67 238.17 OK
r-devel-linux-x86_64-fedora-clang 1.6.0 382.38 NOTE
r-devel-linux-x86_64-fedora-gcc 1.6.0 372.73 NOTE
r-devel-windows-ix86+x86_64 1.6.0 279.00 369.00 648.00 OK
r-patched-linux-x86_64 1.6.0 117.93 159.47 277.40 OK
r-patched-solaris-x86 1.6.0 411.60 NOTE
r-release-linux-x86_64 1.6.0 121.21 157.88 279.09 OK
r-release-windows-ix86+x86_64 1.6.0 304.00 362.00 666.00 OK
r-release-osx-x86_64 1.6.0 NOTE
r-oldrel-windows-ix86+x86_64 1.6.0 198.00 273.00 471.00 OK
r-oldrel-osx-x86_64 1.6.0 NOTE

Check Details

Version: 1.6.0
Check: installed package size
Result: NOTE
     installed size is 5.8Mb
     sub-directories of 1Mb or more:
     libs 4.1Mb
Flavor: r-devel-linux-x86_64-fedora-clang

Version: 1.6.0
Check: dependencies in R code
Result: NOTE
    Namespaces in Imports field not imported from:
     ‘Rcpp’ ‘memoise’
     All declared Imports should be used.
Flavors: r-devel-linux-x86_64-fedora-clang, r-devel-linux-x86_64-fedora-gcc, r-patched-solaris-x86, r-release-osx-x86_64, r-oldrel-osx-x86_64