Last updated on 2021-04-16 23:48:07 CEST.
Flavor | Version | Tinstall | Tcheck | Ttotal | Status | Flags |
---|---|---|---|---|---|---|
r-devel-linux-x86_64-debian-clang | 1.3.7 | 31.93 | 255.71 | 287.64 | OK | --no-vignettes |
r-devel-linux-x86_64-debian-gcc | 1.3.7 | 24.10 | 183.29 | 207.39 | OK | --no-vignettes |
r-devel-linux-x86_64-fedora-clang | 1.3.7 | 367.16 | OK | --no-vignettes | ||
r-devel-linux-x86_64-fedora-gcc | 1.3.7 | 351.59 | OK | --no-vignettes | ||
r-devel-windows-ix86+x86_64 | 1.3.7 | 73.00 | 183.00 | 256.00 | ERROR | |
r-devel-windows-x86_64-gcc10-UCRT | 1.3.7 | OK | ||||
r-patched-linux-x86_64 | 1.3.7 | 28.67 | 239.39 | 268.06 | OK | --no-vignettes |
r-patched-solaris-x86 | 1.3.7 | 622.00 | OK | |||
r-release-linux-x86_64 | 1.3.7 | 30.61 | 239.10 | 269.71 | OK | --no-vignettes |
r-release-macos-x86_64 | 1.3.7 | OK | ||||
r-release-windows-ix86+x86_64 | 1.3.7 | 57.00 | 669.00 | 726.00 | OK | |
r-oldrel-macos-x86_64 | 1.3.7 | OK | ||||
r-oldrel-windows-ix86+x86_64 | 1.3.7 | 46.00 | 612.00 | 658.00 | OK |
Version: 1.3.7
Check: running tests for arch ‘i386’
Result: ERROR
Running 'test-comput-mult-table-annuity.R' [0s]
Running 'test-computation-time-act-annuity.R' [0s]
Flavor: r-devel-windows-ix86+x86_64
Version: 1.3.7
Check: running tests for arch ‘x64’
Result: ERROR
Running 'test-comput-mult-table-annuity.R' [0s]
Running 'test-computation-time-act-annuity.R' [0s]
Flavor: r-devel-windows-ix86+x86_64