CRAN Package Check Results for Package lightr

Last updated on 2020-07-02 07:50:00 CEST.

Flavor Version Tinstall Tcheck Ttotal Status Flags
r-devel-linux-x86_64-debian-clang 1.2 4.86 74.11 78.97 OK
r-devel-linux-x86_64-debian-gcc 1.3 3.49 57.14 60.63 OK
r-devel-linux-x86_64-fedora-clang 1.3 107.06 NOTE
r-devel-linux-x86_64-fedora-gcc 1.3 97.76 OK
r-devel-windows-ix86+x86_64 1.2 12.00 89.00 101.00 OK
r-patched-linux-x86_64 1.3 4.60 75.91 80.51 OK
r-patched-solaris-x86 1.3 136.80 OK
r-release-linux-x86_64 1.2 4.23 75.66 79.89 OK
r-release-osx-x86_64 1.1 OK
r-release-windows-ix86+x86_64 1.1 9.00 83.00 92.00 OK
r-oldrel-osx-x86_64 1.3 OK
r-oldrel-windows-ix86+x86_64 1.1 7.00 127.00 134.00 OK

Check Details

Version: 1.3
Check: Rd cross-references
Result: NOTE
    Undeclared package ‘future’ in Rd xrefs
Flavor: r-devel-linux-x86_64-fedora-clang