CRAN Package Check Results for Package likelihoodAsy

Last updated on 2024-06-25 05:55:50 CEST.

Flavor Version Tinstall Tcheck Ttotal Status Flags
r-devel-linux-x86_64-debian-clang 0.51 7.73 174.65 182.38 OK
r-devel-linux-x86_64-debian-gcc 0.51 7.56 118.25 125.81 OK
r-devel-linux-x86_64-fedora-clang 0.51 223.73 OK
r-devel-linux-x86_64-fedora-gcc 0.51 225.16 OK
r-devel-windows-x86_64 0.51 8.00 143.00 151.00 OK
r-patched-linux-x86_64 0.51 8.73 166.54 175.27 OK
r-release-linux-x86_64 0.51 9.61 166.73 176.34 OK
r-release-macos-arm64 0.51 61.00 OK
r-release-macos-x86_64 0.51 118.00 WARN
r-release-windows-x86_64 0.51 9.00 144.00 153.00 OK
r-oldrel-macos-arm64 0.51 67.00 OK
r-oldrel-macos-x86_64 0.51 99.00 OK
r-oldrel-windows-x86_64 0.51 10.00 166.00 176.00 OK

Check Details

Version: 0.51
Check: re-building of vignette outputs
Result: WARN Error(s) in re-building vignettes: ... --- re-building ‘likelihoodAsy.Rnw’ using knitr Error: processing vignette 'likelihoodAsy.Rnw' failed with diagnostics: Running 'texi2dvi' on 'likelihoodAsy.tex' failed. LaTeX errors: ! Undefined control sequence. l.106 \hlkwd{library}\hldef {(likelihoodAsy)} ? ! Emergency stop. ! Emergency stop. l.106 End of file on the terminal! ! ==> Fatal error occurred, no output PDF file produced! --- failed re-building ‘likelihoodAsy.Rnw’ SUMMARY: processing the following file failed: ‘likelihoodAsy.Rnw’ Error: Vignette re-building failed. Execution halted Flavor: r-release-macos-x86_64