CRAN Package Check Results for Package likert

Last updated on 2020-02-27 17:50:59 CET.

Flavor Version Tinstall Tcheck Ttotal Status Flags
r-devel-linux-x86_64-debian-clang 1.3.5 7.55 57.25 64.80 OK
r-devel-linux-x86_64-debian-gcc 1.3.5 5.69 44.97 50.66 OK
r-devel-linux-x86_64-fedora-clang 1.3.5 77.33 NOTE
r-devel-linux-x86_64-fedora-gcc 1.3.5 76.32 NOTE
r-devel-windows-ix86+x86_64 1.3.5 15.00 71.00 86.00 OK
r-devel-windows-ix86+x86_64-gcc8 1.3.5 14.00 74.00 88.00 OK
r-patched-linux-x86_64 1.3.5 3.78 51.06 54.84 OK
r-patched-solaris-x86 1.3.5 113.60 NOTE
r-release-linux-x86_64 1.3.5 5.74 51.16 56.90 OK
r-release-windows-ix86+x86_64 1.3.5 16.00 72.00 88.00 OK
r-release-osx-x86_64 1.3.5 NOTE
r-oldrel-windows-ix86+x86_64 1.3.5 9.00 67.00 76.00 OK
r-oldrel-osx-x86_64 1.3.5 NOTE

Check Details

Version: 1.3.5
Check: data for non-ASCII characters
Result: NOTE
     Note: found 7 marked UTF-8 strings
Flavors: r-devel-linux-x86_64-fedora-clang, r-devel-linux-x86_64-fedora-gcc, r-patched-solaris-x86, r-release-osx-x86_64, r-oldrel-osx-x86_64