CRAN Package Check Results for Package lin.eval

Last updated on 2025-01-21 00:48:31 CET.

Flavor Version Tinstall Tcheck Ttotal Status Flags
r-devel-linux-x86_64-debian-clang 0.1.2 3.78 35.72 39.50 OK
r-devel-linux-x86_64-debian-gcc 0.1.2 2.71 26.93 29.64 OK
r-devel-linux-x86_64-fedora-clang 0.1.2 65.26 OK
r-devel-linux-x86_64-fedora-gcc 0.1.2 79.20 OK
r-devel-windows-x86_64 0.1.2 5.00 59.00 64.00 OK
r-patched-linux-x86_64 0.1.2 2.37 33.72 36.09 NOTE
r-release-linux-x86_64 0.1.2 3.61 33.84 37.45 NOTE
r-release-macos-arm64 0.1.2 30.00 NOTE
r-release-macos-x86_64 0.1.2 42.00 NOTE
r-release-windows-x86_64 0.1.2 5.00 63.00 68.00 NOTE
r-oldrel-macos-arm64 0.1.2 32.00 NOTE
r-oldrel-macos-x86_64 0.1.2 50.00 NOTE
r-oldrel-windows-x86_64 0.1.2 7.00 61.00 68.00 NOTE

Check Details

Version: 0.1.2
Check: LazyData
Result: NOTE 'LazyData' is specified without a 'data' directory Flavors: r-patched-linux-x86_64, r-release-linux-x86_64, r-release-macos-arm64, r-release-macos-x86_64, r-release-windows-x86_64, r-oldrel-macos-arm64, r-oldrel-macos-x86_64, r-oldrel-windows-x86_64