CRAN Package Check Results for Package lindia

Last updated on 2022-07-06 10:54:34 CEST.

Flavor Version Tinstall Tcheck Ttotal Status Flags
r-devel-linux-x86_64-debian-clang 0.9 5.41 68.66 74.07 NOTE
r-devel-linux-x86_64-debian-gcc 0.9 4.86 50.40 55.26 NOTE
r-devel-linux-x86_64-fedora-clang 0.9 97.15 NOTE
r-devel-linux-x86_64-fedora-gcc 0.9 94.80 NOTE
r-devel-windows-x86_64 0.9 12.00 102.00 114.00 NOTE
r-patched-linux-x86_64 0.9 6.17 62.00 68.17 NOTE
r-release-linux-x86_64 0.9 3.74 63.50 67.24 NOTE
r-release-macos-arm64 0.9 25.00 NOTE
r-release-macos-x86_64 0.9 53.00 NOTE
r-release-windows-x86_64 0.9 14.00 108.00 122.00 NOTE
r-oldrel-macos-arm64 0.9 37.00 NOTE
r-oldrel-macos-x86_64 0.9 47.00 NOTE
r-oldrel-windows-ix86+x86_64 0.9 15.00 87.00 102.00 NOTE

Check Details

Version: 0.9
Check: LazyData
Result: NOTE
     'LazyData' is specified without a 'data' directory
Flavors: r-devel-linux-x86_64-debian-clang, r-devel-linux-x86_64-debian-gcc, r-devel-linux-x86_64-fedora-clang, r-devel-linux-x86_64-fedora-gcc, r-devel-windows-x86_64, r-patched-linux-x86_64, r-release-linux-x86_64, r-release-macos-arm64, r-release-macos-x86_64, r-release-windows-x86_64, r-oldrel-macos-arm64, r-oldrel-macos-x86_64, r-oldrel-windows-ix86+x86_64