CRAN Package Check Results for Package lineartestr

Last updated on 2022-08-07 19:55:12 CEST.

Flavor Version Tinstall Tcheck Ttotal Status Flags
r-devel-linux-x86_64-debian-clang 1.0.0 2.30 37.58 39.88 NOTE
r-devel-linux-x86_64-debian-gcc 1.0.0 1.95 28.82 30.77 NOTE
r-devel-linux-x86_64-fedora-clang 1.0.0 62.01 NOTE
r-devel-linux-x86_64-fedora-gcc 1.0.0 57.33 NOTE
r-devel-windows-x86_64 1.0.0 5.00 69.00 74.00 NOTE
r-patched-linux-x86_64 1.0.0 2.35 35.82 38.17 NOTE
r-release-linux-x86_64 1.0.0 2.35 36.10 38.45 NOTE
r-release-macos-arm64 1.0.0 16.00 NOTE
r-release-macos-x86_64 1.0.0 35.00 NOTE
r-release-windows-x86_64 1.0.0 26.00 74.00 100.00 NOTE
r-oldrel-macos-arm64 1.0.0 25.00 NOTE
r-oldrel-macos-x86_64 1.0.0 34.00 NOTE
r-oldrel-windows-ix86+x86_64 1.0.0 8.00 62.00 70.00 NOTE

Check Details

Version: 1.0.0
Check: LazyData
Result: NOTE
     'LazyData' is specified without a 'data' directory
Flavors: r-devel-linux-x86_64-debian-clang, r-devel-linux-x86_64-debian-gcc, r-devel-linux-x86_64-fedora-clang, r-devel-linux-x86_64-fedora-gcc, r-devel-windows-x86_64, r-patched-linux-x86_64, r-release-linux-x86_64, r-release-macos-arm64, r-release-macos-x86_64, r-release-windows-x86_64, r-oldrel-macos-arm64, r-oldrel-macos-x86_64, r-oldrel-windows-ix86+x86_64