CRAN Package Check Results for Package linkspotter

Last updated on 2021-03-09 06:50:59 CET.

Flavor Version Tinstall Tcheck Ttotal Status Flags
r-devel-linux-x86_64-debian-clang 1.3.0 9.31 97.17 106.48 OK
r-devel-linux-x86_64-debian-gcc 1.3.0 6.66 71.59 78.25 OK
r-devel-linux-x86_64-fedora-clang 1.3.0 133.60 OK
r-devel-linux-x86_64-fedora-gcc 1.3.0 123.74 OK
r-devel-windows-ix86+x86_64 1.3.0 37.00 92.00 129.00 OK
r-devel-windows-x86_64-gcc10-UCRT 1.3.0 OK
r-patched-linux-x86_64 1.3.0 8.14 90.93 99.07 OK
r-patched-solaris-x86 1.3.0 193.90 WARN
r-release-linux-x86_64 1.3.0 9.22 89.17 98.39 OK
r-release-macos-x86_64 1.3.0 WARN
r-release-windows-ix86+x86_64 1.3.0 20.00 122.00 142.00 OK
r-oldrel-macos-x86_64 1.3.0 WARN
r-oldrel-windows-ix86+x86_64 1.3.0 14.00 89.00 103.00 OK

Check Details

Version: 1.3.0
Check: re-building of vignette outputs
Result: WARN
    Error(s) in re-building vignettes:
     ...
    --- re-building ‘linkspotterVignette.Rmd’ using rmarkdown
    Warning in engine$weave(file, quiet = quiet, encoding = enc) :
     Pandoc (>= 1.12.3) and/or pandoc-citeproc not available. Falling back to R Markdown v1.
    Quitting from lines 109-112 (linkspotterVignette.Rmd)
    Error: processing vignette 'linkspotterVignette.Rmd' failed with diagnostics:
    there is no package called 'webshot'
    --- failed re-building ‘linkspotterVignette.Rmd’
    
    SUMMARY: processing the following file failed:
     ‘linkspotterVignette.Rmd’
    
    Error: Vignette re-building failed.
    Execution halted
Flavor: r-patched-solaris-x86

Version: 1.3.0
Check: re-building of vignette outputs
Result: WARN
    Error(s) in re-building vignettes:
     ...
    --- re-building ‘linkspotterVignette.Rmd’ using rmarkdown
    Warning in engine$weave(file, quiet = quiet, encoding = enc) :
     Pandoc (>= 1.12.3) and/or pandoc-citeproc not available. Falling back to R Markdown v1.
    Quitting from lines 109-112 (linkspotterVignette.Rmd)
    Error: processing vignette 'linkspotterVignette.Rmd' failed with diagnostics:
    cannot open the connection
    --- failed re-building ‘linkspotterVignette.Rmd’
    
    SUMMARY: processing the following file failed:
     ‘linkspotterVignette.Rmd’
    
    Error: Vignette re-building failed.
    Execution halted
Flavors: r-release-macos-x86_64, r-oldrel-macos-x86_64