Last updated on 2023-09-28 12:59:18 CEST.
Flavor | Version | Tinstall | Tcheck | Ttotal | Status | Flags |
---|---|---|---|---|---|---|
r-devel-linux-x86_64-debian-clang | 0.9-4 | 3.63 | 28.37 | 32.00 | NOTE | |
r-devel-linux-x86_64-debian-gcc | 0.9-4 | 2.33 | 21.66 | 23.99 | NOTE | |
r-devel-linux-x86_64-fedora-clang | 0.9-4 | 38.88 | NOTE | |||
r-devel-linux-x86_64-fedora-gcc | 0.9-4 | 38.34 | NOTE | |||
r-devel-windows-x86_64 | 0.9-4 | 5.00 | 44.00 | 49.00 | NOTE | |
r-patched-linux-x86_64 | 0.9-4 | 3.11 | 27.55 | 30.66 | NOTE | |
r-release-linux-x86_64 | 0.9-4 | 3.18 | 27.83 | 31.01 | NOTE | |
r-release-macos-arm64 | 0.9-4 | 19.00 | NOTE | |||
r-release-macos-x86_64 | 0.9-4 | 22.00 | NOTE | |||
r-release-windows-x86_64 | 0.9-4 | 5.00 | 46.00 | 51.00 | NOTE | |
r-oldrel-macos-arm64 | 0.9-4 | 18.00 | OK | |||
r-oldrel-macos-x86_64 | 0.9-4 | 23.00 | OK | |||
r-oldrel-windows-x86_64 | 0.9-4 | 5.00 | 47.00 | 52.00 | OK |
Version: 0.9-4
Check: Rd files
Result: NOTE
checkRd: (-1) solveLP.Rd:119: Escaped LaTeX specials: \&
Flavors: r-devel-linux-x86_64-debian-clang, r-devel-linux-x86_64-debian-gcc, r-devel-linux-x86_64-fedora-clang, r-devel-linux-x86_64-fedora-gcc, r-devel-windows-x86_64, r-patched-linux-x86_64, r-release-linux-x86_64, r-release-macos-arm64, r-release-macos-x86_64, r-release-windows-x86_64