CRAN Package Check Results for Package linprog

Last updated on 2022-10-02 01:50:35 CEST.

Flavor Version Tinstall Tcheck Ttotal Status Flags
r-devel-linux-x86_64-debian-clang 0.9-4 2.98 29.13 32.11 NOTE
r-devel-linux-x86_64-debian-gcc 0.9-4 2.27 22.28 24.55 NOTE
r-devel-linux-x86_64-fedora-clang 0.9-4 51.89 NOTE
r-devel-linux-x86_64-fedora-gcc 0.9-4 50.34 NOTE
r-devel-windows-x86_64 0.9-4 10.00 56.00 66.00 NOTE
r-patched-linux-x86_64 0.9-4 3.68 26.91 30.59 OK
r-release-linux-x86_64 0.9-4 3.17 26.96 30.13 OK
r-release-macos-arm64 0.9-4 16.00 OK
r-release-macos-x86_64 0.9-4 23.00 OK
r-release-windows-x86_64 0.9-4 8.00 66.00 74.00 OK
r-oldrel-macos-arm64 0.9-4 23.00 OK
r-oldrel-macos-x86_64 0.9-4 24.00 OK
r-oldrel-windows-ix86+x86_64 0.9-4 23.00 49.00 72.00 OK

Check Details

Version: 0.9-4
Check: Rd files
Result: NOTE
    checkRd: (-1) solveLP.Rd:119: Escaped LaTeX specials: \&
Flavors: r-devel-linux-x86_64-debian-clang, r-devel-linux-x86_64-debian-gcc, r-devel-linux-x86_64-fedora-clang, r-devel-linux-x86_64-fedora-gcc, r-devel-windows-x86_64