CRAN Package Check Results for Package lit

Last updated on 2024-02-28 02:58:08 CET.

Flavor Version Tinstall Tcheck Ttotal Status Flags
r-devel-linux-x86_64-debian-clang 1.0.0 152.61 38.93 191.54 NOTE
r-devel-linux-x86_64-debian-gcc 1.0.0 122.83 29.50 152.33 NOTE
r-devel-linux-x86_64-fedora-clang 1.0.0 297.01 NOTE
r-devel-linux-x86_64-fedora-gcc 1.0.0 300.38 NOTE
r-devel-windows-x86_64 1.0.0 117.00 71.00 188.00 OK
r-patched-linux-x86_64 1.0.0 121.70 37.56 159.26 OK
r-release-linux-x86_64 1.0.0 110.80 38.57 149.37 OK
r-release-macos-arm64 1.0.0 61.00 OK
r-release-macos-x86_64 1.0.0 71.00 OK
r-release-windows-x86_64 1.0.0 153.00 80.00 233.00 OK
r-oldrel-macos-arm64 1.0.0 54.00 OK
r-oldrel-windows-x86_64 1.0.0 141.00 80.00 221.00 OK

Check Details

Version: 1.0.0
Check: Rd files
Result: NOTE checkRd: (-1) lit.Rd:21: Lost braces in \itemize; \value handles \item{}{} directly checkRd: (-1) lit.Rd:22: Lost braces in \itemize; \value handles \item{}{} directly checkRd: (-1) lit.Rd:23: Lost braces in \itemize; \value handles \item{}{} directly checkRd: (-1) lit_plink.Rd:23: Lost braces in \itemize; \value handles \item{}{} directly checkRd: (-1) lit_plink.Rd:24: Lost braces in \itemize; \value handles \item{}{} directly checkRd: (-1) lit_plink.Rd:25: Lost braces in \itemize; \value handles \item{}{} directly Flavors: r-devel-linux-x86_64-debian-clang, r-devel-linux-x86_64-debian-gcc, r-devel-linux-x86_64-fedora-clang, r-devel-linux-x86_64-fedora-gcc