CRAN Package Check Results for Package live

Last updated on 2024-02-25 18:51:28 CET.

Flavor Version Tinstall Tcheck Ttotal Status Flags
r-devel-linux-x86_64-debian-clang 1.5.13 13.92 178.58 192.50 OK
r-devel-linux-x86_64-debian-gcc 1.5.13 9.62 132.49 142.11 OK
r-devel-linux-x86_64-fedora-clang 1.5.13 231.58 NOTE
r-devel-linux-x86_64-fedora-gcc 1.5.13 234.69 NOTE
r-devel-windows-x86_64 1.5.13 12.00 145.00 157.00 OK
r-patched-linux-x86_64 1.5.13 10.03 170.52 180.55 OK
r-release-linux-x86_64 1.5.13 8.31 170.70 179.01 OK
r-release-macos-arm64 1.5.13 77.00 OK
r-release-macos-x86_64 1.5.13 144.00 OK
r-release-windows-x86_64 1.5.13 15.00 178.00 193.00 OK
r-oldrel-macos-arm64 1.5.13 62.00 NOTE
r-oldrel-windows-x86_64 1.5.13 16.00 179.00 195.00 OK

Check Details

Version: 1.5.13
Check: dependencies in R code
Result: NOTE Namespace in Imports field not imported from: ‘e1071’ All declared Imports should be used. Flavors: r-devel-linux-x86_64-fedora-clang, r-devel-linux-x86_64-fedora-gcc, r-oldrel-macos-arm64