CRAN Package Check Results for Package lm.br

Last updated on 2022-05-28 22:55:12 CEST.

Flavor Version Tinstall Tcheck Ttotal Status Flags
r-devel-linux-x86_64-debian-clang 2.9.4 218.34 78.76 297.10 OK
r-devel-linux-x86_64-debian-gcc 2.9.4 158.04 56.62 214.66 OK
r-devel-linux-x86_64-fedora-clang 2.9.4 457.40 OK
r-devel-linux-x86_64-fedora-gcc 2.9.4 358.19 OK
r-devel-windows-x86_64 2.9.4 154.00 138.00 292.00 OK
r-patched-linux-x86_64 2.9.4 167.37 77.38 244.75 OK
r-release-linux-x86_64 2.9.4 165.67 76.31 241.98 OK
r-release-macos-arm64 2.9.4 92.00 OK
r-release-macos-x86_64 2.9.4 125.00 OK
r-release-windows-x86_64 2.9.4 158.00 141.00 299.00 OK
r-oldrel-macos-arm64 2.9.4 107.00 NOTE
r-oldrel-macos-x86_64 2.9.4 125.00 OK
r-oldrel-windows-ix86+x86_64 2.9.4 505.00 136.00 641.00 OK

Check Details

Version: 2.9.4
Check: installed package size
Result: NOTE
     installed size is 5.3Mb
     sub-directories of 1Mb or more:
     libs 4.9Mb
Flavor: r-oldrel-macos-arm64