CRAN Package Check Results for Package lmPerm

Last updated on 2024-04-17 16:53:11 CEST.

Flavor Version Tinstall Tcheck Ttotal Status Flags
r-devel-linux-x86_64-debian-clang 2.1.0 4.17 52.04 56.21 OK
r-devel-linux-x86_64-debian-gcc 2.1.0 4.93 38.84 43.77 OK
r-devel-linux-x86_64-fedora-clang 2.1.0 73.44 NOTE
r-devel-linux-x86_64-fedora-gcc 2.1.0 82.47 NOTE
r-prerel-macos-arm64 2.1.0 32.00 OK
r-prerel-windows-x86_64 2.1.0 8.00 83.00 91.00 OK
r-patched-linux-x86_64 2.1.0 7.17 48.97 56.14 OK
r-release-linux-x86_64 2.1.0 5.67 48.04 53.71 OK
r-release-macos-arm64 2.1.0 35.00 OK
r-release-macos-x86_64 2.1.0 49.00 OK
r-release-windows-x86_64 2.1.0 9.00 82.00 91.00 OK
r-oldrel-macos-arm64 2.1.0 29.00 OK
r-oldrel-windows-x86_64 2.1.0 9.00 84.00 93.00 OK

Check Details

Version: 2.1.0
Check: compiled code
Result: NOTE File ‘lmPerm/libs/lmPerm.so’: Found no calls to: ‘R_registerRoutines’, ‘R_useDynamicSymbols’ It is good practice to register native routines and to disable symbol search. See ‘Writing portable packages’ in the ‘Writing R Extensions’ manual. Flavors: r-devel-linux-x86_64-fedora-clang, r-devel-linux-x86_64-fedora-gcc