CRAN Package Check Results for Package lmboot

Last updated on 2019-10-20 14:46:58 CEST.

Flavor Version Tinstall Tcheck Ttotal Status Flags
r-devel-linux-x86_64-debian-clang 0.0.1 2.62 19.64 22.26 OK
r-devel-linux-x86_64-debian-gcc 0.0.1 2.10 15.90 18.00 OK
r-devel-linux-x86_64-fedora-clang 0.0.1 27.82 OK
r-devel-linux-x86_64-fedora-gcc 0.0.1 27.38 OK
r-devel-windows-ix86+x86_64 0.0.1 6.00 47.00 53.00 OK
r-patched-linux-x86_64 0.0.1 2.26 19.73 21.99 OK
r-patched-solaris-x86 0.0.1 40.70 OK
r-release-linux-x86_64 0.0.1 1.98 19.43 21.41 OK
r-release-windows-ix86+x86_64 0.0.1 7.00 47.00 54.00 OK
r-release-osx-x86_64 0.0.1 OK
r-oldrel-windows-ix86+x86_64 0.0.1 1.00 5.00 6.00 ERROR
r-oldrel-osx-x86_64 0.0.1 ERROR

Check Details

Version: 0.0.1
Check: package dependencies
Result: ERROR
    Package required and available but unsuitable version: 'stats'
    
    See section 'The DESCRIPTION file' in the 'Writing R Extensions'
    manual.
Flavors: r-oldrel-windows-ix86+x86_64, r-oldrel-osx-x86_64