CRAN Package Check Results for Package lmem.qtler

Last updated on 2018-10-21 17:54:14 CEST.

Flavor Version Tinstall Tcheck Ttotal Status Flags
r-devel-linux-x86_64-debian-clang 0.1.1 7.54 90.51 98.05 NOTE
r-devel-linux-x86_64-debian-gcc 0.1.1 5.64 71.59 77.23 NOTE
r-devel-linux-x86_64-fedora-clang 0.1.1 114.64 NOTE
r-devel-linux-x86_64-fedora-gcc 0.1.1 111.39 NOTE
r-devel-windows-ix86+x86_64 0.1.1 20.00 125.00 145.00 NOTE
r-patched-linux-x86_64 0.1.1 5.68 77.17 82.85 NOTE
r-patched-solaris-x86 0.1.1 151.80 NOTE
r-release-linux-x86_64 0.1.1 5.16 76.11 81.27 NOTE
r-release-windows-ix86+x86_64 0.1.1 15.00 116.00 131.00 NOTE
r-release-osx-x86_64 0.1.1 NOTE
r-oldrel-windows-ix86+x86_64 0.1.1 9.00 127.00 136.00 NOTE
r-oldrel-osx-x86_64 0.1.1 OK

Check Details

Version: 0.1.1
Check: R code for possible problems
Result: NOTE
    mq.diagnostics : mq_missinggenotype_plot: no visible global function
     definition for ‘plot.missing’
    Undefined global functions or variables:
     plot.missing
Flavors: r-devel-linux-x86_64-debian-clang, r-devel-linux-x86_64-debian-gcc, r-devel-linux-x86_64-fedora-clang, r-devel-linux-x86_64-fedora-gcc, r-devel-windows-ix86+x86_64, r-patched-linux-x86_64, r-patched-solaris-x86, r-release-linux-x86_64, r-release-windows-ix86+x86_64, r-release-osx-x86_64, r-oldrel-windows-ix86+x86_64