CRAN Package Check Results for Package lmem.qtler

Last updated on 2019-01-22 00:46:31 CET.

Flavor Version Tinstall Tcheck Ttotal Status Flags
r-devel-linux-x86_64-debian-clang 0.1.1 7.77 82.02 89.79 NOTE
r-devel-linux-x86_64-debian-gcc 0.1.1 5.88 63.17 69.05 NOTE
r-devel-linux-x86_64-fedora-clang 0.1.1 105.04 NOTE
r-devel-linux-x86_64-fedora-gcc 0.1.1 100.18 NOTE
r-devel-windows-ix86+x86_64 0.1.1 15.00 98.00 113.00 NOTE
r-patched-linux-x86_64 0.1.1 7.97 77.69 85.66 NOTE
r-patched-solaris-x86 0.1.1 160.00 NOTE
r-release-linux-x86_64 0.1.1 6.28 77.12 83.40 NOTE
r-release-windows-ix86+x86_64 0.1.1 18.00 114.00 132.00 NOTE
r-release-osx-x86_64 0.1.1 NOTE
r-oldrel-windows-ix86+x86_64 0.1.1 13.00 90.00 103.00 NOTE
r-oldrel-osx-x86_64 0.1.1 OK

Check Details

Version: 0.1.1
Check: R code for possible problems
Result: NOTE
    mq.diagnostics : mq_missinggenotype_plot: no visible global function
     definition for ‘plot.missing’
    Undefined global functions or variables:
     plot.missing
Flavors: r-devel-linux-x86_64-debian-clang, r-devel-linux-x86_64-debian-gcc, r-devel-linux-x86_64-fedora-clang, r-devel-linux-x86_64-fedora-gcc, r-devel-windows-ix86+x86_64, r-patched-linux-x86_64, r-patched-solaris-x86, r-release-linux-x86_64, r-release-windows-ix86+x86_64, r-release-osx-x86_64, r-oldrel-windows-ix86+x86_64