CRAN Package Check Results for Package lmem.qtler

Last updated on 2018-08-18 10:50:34 CEST.

Flavor Version Tinstall Tcheck Ttotal Status Flags
r-devel-linux-x86_64-debian-clang 0.1.1 8.88 90.47 99.35 NOTE
r-devel-linux-x86_64-debian-gcc 0.1.1 6.57 71.34 77.91 NOTE
r-devel-linux-x86_64-fedora-clang 0.1.1 114.90 NOTE
r-devel-linux-x86_64-fedora-gcc 0.1.1 117.08 NOTE
r-devel-windows-ix86+x86_64 0.1.1 18.00 138.00 156.00 NOTE
r-patched-linux-x86_64 0.1.1 6.74 77.31 84.05 NOTE
r-patched-solaris-x86 0.1.1 157.70 NOTE
r-release-linux-x86_64 0.1.1 6.52 76.25 82.77 NOTE
r-release-windows-ix86+x86_64 0.1.1 17.00 114.00 131.00 NOTE
r-release-osx-x86_64 0.1.1 NOTE
r-oldrel-windows-ix86+x86_64 0.1.1 10.00 115.00 125.00 NOTE
r-oldrel-osx-x86_64 0.1.1 OK

Check Details

Version: 0.1.1
Check: R code for possible problems
Result: NOTE
    mq.diagnostics : mq_missinggenotype_plot: no visible global function
     definition for ‘plot.missing’
    Undefined global functions or variables:
     plot.missing
Flavors: r-devel-linux-x86_64-debian-clang, r-devel-linux-x86_64-debian-gcc, r-devel-linux-x86_64-fedora-clang, r-devel-linux-x86_64-fedora-gcc, r-devel-windows-ix86+x86_64, r-patched-linux-x86_64, r-patched-solaris-x86, r-release-linux-x86_64, r-release-windows-ix86+x86_64, r-release-osx-x86_64, r-oldrel-windows-ix86+x86_64