CRAN Package Check Results for Package lmem.qtler

Last updated on 2018-02-20 07:48:15 CET.

Flavor Version Tinstall Tcheck Ttotal Status Flags
r-devel-linux-x86_64-debian-clang 0.1.1 5.32 68.93 74.25 OK
r-devel-linux-x86_64-debian-gcc 0.1.1 5.48 60.24 65.72 NOTE
r-devel-linux-x86_64-fedora-clang 0.1.1 101.89 OK
r-devel-linux-x86_64-fedora-gcc 0.1.1 97.79 NOTE
r-devel-windows-ix86+x86_64 0.1.1 10.00 80.00 90.00 OK
r-patched-linux-x86_64 0.1.1 4.44 79.90 84.34 NOTE
r-patched-solaris-x86 0.1.1 151.70 OK
r-release-linux-x86_64 0.1.1 4.08 79.30 83.38 NOTE
r-release-windows-ix86+x86_64 0.1.1 13.00 90.00 103.00 OK
r-release-osx-x86_64 0.1.1 OK
r-oldrel-windows-ix86+x86_64 0.1.1 11.00 110.00 121.00 OK
r-oldrel-osx-x86_64 0.1.1 OK

Check Details

Version: 0.1.1
Check: R code for possible problems
Result: NOTE
    mq.diagnostics : mq_missinggenotype_plot: no visible global function
     definition for ‘plot.missing’
    Undefined global functions or variables:
     plot.missing
Flavors: r-devel-linux-x86_64-debian-gcc, r-devel-linux-x86_64-fedora-gcc, r-patched-linux-x86_64, r-release-linux-x86_64