CRAN Package Check Results for Package lmem.qtler

Last updated on 2018-05-25 16:48:29 CEST.

Flavor Version Tinstall Tcheck Ttotal Status Flags
r-devel-linux-x86_64-debian-clang 0.1.1 8.64 88.71 97.35 NOTE
r-devel-linux-x86_64-debian-gcc 0.1.1 6.92 68.93 75.85 NOTE
r-devel-linux-x86_64-fedora-clang 0.1.1 117.68 NOTE
r-devel-linux-x86_64-fedora-gcc 0.1.1 114.53 NOTE
r-devel-windows-ix86+x86_64 0.1.1 12.00 99.00 111.00 NOTE
r-patched-linux-x86_64 0.1.1 6.66 74.99 81.65 NOTE
r-patched-solaris-x86 0.1.1 149.60 NOTE
r-release-linux-x86_64 0.1.1 6.39 74.87 81.26 NOTE
r-release-windows-ix86+x86_64 0.1.1 15.00 115.00 130.00 NOTE
r-release-osx-x86_64 0.1.1 NOTE
r-oldrel-windows-ix86+x86_64 0.1.1 13.00 85.00 98.00 NOTE
r-oldrel-osx-x86_64 0.1.1 OK

Check Details

Version: 0.1.1
Check: R code for possible problems
Result: NOTE
    mq.diagnostics : mq_missinggenotype_plot: no visible global function
     definition for ‘plot.missing’
    Undefined global functions or variables:
     plot.missing
Flavors: r-devel-linux-x86_64-debian-clang, r-devel-linux-x86_64-debian-gcc, r-devel-linux-x86_64-fedora-clang, r-devel-linux-x86_64-fedora-gcc, r-devel-windows-ix86+x86_64, r-patched-linux-x86_64, r-patched-solaris-x86, r-release-linux-x86_64, r-release-windows-ix86+x86_64, r-release-osx-x86_64, r-oldrel-windows-ix86+x86_64