CRAN Package Check Results for Package lmmpar

Last updated on 2018-01-23 15:48:11 CET.

Flavor Version Tinstall Tcheck Ttotal Status Flags
r-devel-linux-x86_64-debian-clang 0.1.0 0.75 28.10 28.85 OK
r-devel-linux-x86_64-debian-gcc 0.1.0 0.57 21.92 22.49 OK
r-devel-linux-x86_64-fedora-clang 0.1.0 33.63 NOTE
r-devel-linux-x86_64-fedora-gcc 0.1.0 32.59 NOTE
r-devel-windows-ix86+x86_64 0.1.0 4.00 44.00 48.00 OK
r-patched-linux-x86_64 0.1.0 0.85 25.99 26.84 OK
r-patched-solaris-x86 0.1.0 46.50 NOTE
r-release-linux-x86_64 0.1.0 0.85 25.68 26.53 OK
r-release-windows-ix86+x86_64 0.1.0 2.00 50.00 52.00 OK
r-release-osx-x86_64 0.1.0 NOTE
r-oldrel-windows-ix86+x86_64 0.1.0 4.00 36.00 40.00 OK
r-oldrel-osx-x86_64 0.1.0 NOTE

Check Details

Version: 0.1.0
Check: dependencies in R code
Result: NOTE
    Namespace in Imports field not imported from: ‘mnormt’
     All declared Imports should be used.
Flavors: r-devel-linux-x86_64-fedora-clang, r-devel-linux-x86_64-fedora-gcc, r-patched-solaris-x86, r-release-osx-x86_64, r-oldrel-osx-x86_64