CRAN Package Check Results for Package lmmpar

Last updated on 2018-07-20 22:50:24 CEST.

Flavor Version Tinstall Tcheck Ttotal Status Flags
r-devel-linux-x86_64-debian-clang 0.1.0 1.01 27.43 28.44 OK
r-devel-linux-x86_64-debian-gcc 0.1.0 0.80 21.26 22.06 OK
r-devel-linux-x86_64-fedora-clang 0.1.0 33.07 NOTE
r-devel-linux-x86_64-fedora-gcc 0.1.0 30.80 NOTE
r-devel-windows-ix86+x86_64 0.1.0 3.00 57.00 60.00 OK
r-patched-linux-x86_64 0.1.0 0.92 26.19 27.11 OK
r-patched-solaris-x86 0.1.0 47.90 NOTE
r-release-linux-x86_64 0.1.0 1.00 26.03 27.03 OK
r-release-windows-ix86+x86_64 0.1.0 4.00 43.00 47.00 OK
r-release-osx-x86_64 0.1.0 NOTE
r-oldrel-windows-ix86+x86_64 0.1.0 4.00 39.00 43.00 OK
r-oldrel-osx-x86_64 0.1.0 NOTE

Check Details

Version: 0.1.0
Check: dependencies in R code
Result: NOTE
    Namespace in Imports field not imported from: ‘mnormt’
     All declared Imports should be used.
Flavors: r-devel-linux-x86_64-fedora-clang, r-devel-linux-x86_64-fedora-gcc, r-patched-solaris-x86, r-release-osx-x86_64, r-oldrel-osx-x86_64