CRAN Package Check Results for Package lmmpar

Last updated on 2018-04-26 12:47:11 CEST.

Flavor Version Tinstall Tcheck Ttotal Status Flags
r-devel-linux-x86_64-debian-clang 0.1.0 0.90 22.38 23.28 OK
r-devel-linux-x86_64-debian-gcc 0.1.0 0.74 20.07 20.81 OK
r-devel-linux-x86_64-fedora-clang 0.1.0 32.20 NOTE
r-devel-linux-x86_64-fedora-gcc 0.1.0 31.29 NOTE
r-devel-windows-ix86+x86_64 0.1.0 3.00 39.00 42.00 OK
r-patched-linux-x86_64 0.1.0 0.71 25.37 26.08 OK
r-patched-solaris-x86 0.1.0 48.00 NOTE
r-release-linux-x86_64 0.1.0 0.72 25.12 25.84 OK
r-release-windows-ix86+x86_64 0.1.0 3.00 39.00 42.00 OK
r-release-osx-x86_64 0.1.0 NOTE
r-oldrel-windows-ix86+x86_64 0.1.0 2.00 52.00 54.00 OK
r-oldrel-osx-x86_64 0.1.0 NOTE

Check Details

Version: 0.1.0
Check: dependencies in R code
Result: NOTE
    Namespace in Imports field not imported from: ‘mnormt’
     All declared Imports should be used.
Flavors: r-devel-linux-x86_64-fedora-clang, r-devel-linux-x86_64-fedora-gcc, r-patched-solaris-x86, r-release-osx-x86_64, r-oldrel-osx-x86_64