CRAN Package Check Results for Package lmmpar

Last updated on 2018-10-20 03:50:23 CEST.

Flavor Version Tinstall Tcheck Ttotal Status Flags
r-devel-linux-x86_64-debian-clang 0.1.0 1.08 28.18 29.26 OK
r-devel-linux-x86_64-debian-gcc 0.1.0 0.82 22.56 23.38 OK
r-devel-linux-x86_64-fedora-clang 0.1.0 34.07 NOTE
r-devel-linux-x86_64-fedora-gcc 0.1.0 32.47 NOTE
r-devel-windows-ix86+x86_64 0.1.0 3.00 58.00 61.00 OK
r-patched-linux-x86_64 0.1.0 0.96 25.39 26.35 OK
r-patched-solaris-x86 0.1.0 47.80 NOTE
r-release-linux-x86_64 0.1.0 0.97 25.51 26.48 OK
r-release-windows-ix86+x86_64 0.1.0 2.00 53.00 55.00 OK
r-release-osx-x86_64 0.1.0 NOTE
r-oldrel-windows-ix86+x86_64 0.1.0 2.00 55.00 57.00 OK
r-oldrel-osx-x86_64 0.1.0 NOTE

Check Details

Version: 0.1.0
Check: dependencies in R code
Result: NOTE
    Namespace in Imports field not imported from: ‘mnormt’
     All declared Imports should be used.
Flavors: r-devel-linux-x86_64-fedora-clang, r-devel-linux-x86_64-fedora-gcc, r-patched-solaris-x86, r-release-osx-x86_64, r-oldrel-osx-x86_64