CRAN Package Check Results for Package locStra

Last updated on 2022-11-28 17:52:58 CET.

Flavor Version Tinstall Tcheck Ttotal Status Flags
r-devel-linux-x86_64-debian-clang 1.9 72.20 113.26 185.46 OK
r-devel-linux-x86_64-debian-gcc 1.9 63.90 86.20 150.10 OK
r-devel-linux-x86_64-fedora-clang 1.9 241.00 OK
r-devel-linux-x86_64-fedora-gcc 1.9 263.44 OK
r-devel-windows-x86_64 1.9 56.00 161.00 217.00 OK
r-patched-linux-x86_64 1.9 61.61 108.50 170.11 OK
r-release-linux-x86_64 1.9 50.88 108.01 158.89 OK
r-release-macos-arm64 1.9 69.00 NOTE
r-release-macos-x86_64 1.9 95.00 NOTE
r-release-windows-x86_64 1.9 267.00 162.00 429.00 OK
r-oldrel-macos-arm64 1.9 54.00 NOTE
r-oldrel-macos-x86_64 1.9 83.00 NOTE
r-oldrel-windows-ix86+x86_64 1.9 153.00 185.00 338.00 OK

Check Details

Version: 1.9
Check: installed package size
Result: NOTE
     installed size is 27.3Mb
     sub-directories of 1Mb or more:
     libs 27.1Mb
Flavors: r-release-macos-arm64, r-release-macos-x86_64, r-oldrel-macos-arm64, r-oldrel-macos-x86_64