CRAN Package Check Results for Package localICE

Last updated on 2024-06-19 11:23:47 CEST.

Flavor Version Tinstall Tcheck Ttotal Status Flags
r-devel-linux-x86_64-debian-clang 0.1.1 4.76 54.98 59.74 NOTE
r-devel-linux-x86_64-debian-gcc 0.1.1 4.39 41.00 45.39 NOTE
r-devel-linux-x86_64-fedora-clang 0.1.1 74.14 NOTE
r-devel-linux-x86_64-fedora-gcc 0.1.1 70.79 NOTE
r-devel-windows-x86_64 0.1.1 6.00 58.00 64.00 NOTE
r-patched-linux-x86_64 0.1.1 4.26 51.60 55.86 NOTE
r-release-linux-x86_64 0.1.1 4.14 52.86 57.00 NOTE
r-release-macos-arm64 0.1.1 25.00 NOTE
r-release-macos-x86_64 0.1.1 40.00 NOTE
r-release-windows-x86_64 0.1.1 6.00 60.00 66.00 NOTE
r-oldrel-macos-arm64 0.1.1 29.00 NOTE
r-oldrel-macos-x86_64 0.1.1 39.00 NOTE
r-oldrel-windows-x86_64 0.1.1 7.00 65.00 72.00 NOTE

Check Details

Version: 0.1.1
Check: LazyData
Result: NOTE 'LazyData' is specified without a 'data' directory Flavors: r-devel-linux-x86_64-debian-clang, r-devel-linux-x86_64-debian-gcc, r-devel-linux-x86_64-fedora-clang, r-devel-linux-x86_64-fedora-gcc, r-devel-windows-x86_64, r-patched-linux-x86_64, r-release-linux-x86_64, r-release-macos-arm64, r-release-macos-x86_64, r-release-windows-x86_64, r-oldrel-macos-arm64, r-oldrel-macos-x86_64, r-oldrel-windows-x86_64

Version: 0.1.1
Check: dependencies in R code
Result: NOTE Namespace in Imports field not imported from: ‘checkmate’ All declared Imports should be used. Flavors: r-devel-linux-x86_64-fedora-clang, r-devel-linux-x86_64-fedora-gcc