CRAN Package Check Results for Package localsolver

Last updated on 2019-11-14 16:48:39 CET.

Flavor Version Tinstall Tcheck Ttotal Status Flags
r-devel-linux-x86_64-debian-clang 2.3 2.47 20.36 22.83 OK --no-examples --no-tests --no-vignettes
r-devel-linux-x86_64-debian-gcc 2.3 1.93 16.42 18.35 OK --no-examples --no-tests --no-vignettes
r-devel-windows-ix86+x86_64 2.3 10.00 40.00 50.00 OK
r-patched-linux-x86_64 2.3 2.02 20.45 22.47 OK --no-examples --no-tests --no-vignettes
r-release-linux-x86_64 2.3 2.01 19.79 21.80 OK --no-examples --no-tests --no-vignettes
r-release-windows-ix86+x86_64 2.3 5.00 56.00 61.00 OK
r-release-osx-x86_64 2.3 ERROR
r-oldrel-windows-ix86+x86_64 2.3 4.00 50.00 54.00 OK
r-oldrel-osx-x86_64 2.3 ERROR

Check Details

Version: 2.3
Check: examples
Result: ERROR
    Running examples in ‘localsolver-Ex.R’ failed
    The error most likely occurred in:
    
    > ### Name: add.output.expr
    > ### Title: Add expression to output of ls.problem.
    > ### Aliases: add.output.expr
    >
    > ### ** Examples
    >
    > model.text.lsp <- lsp.model.example('extdata/knapsack.txt')
    > lsp <- ls.problem(model.text.lsp)
    sh: localsolver: command not found
    Error in ls.problem(model.text.lsp) :
     has.localsolver(ls.path) is not TRUE
    Calls: ls.problem -> stopifnot
    Execution halted
Flavors: r-release-osx-x86_64, r-oldrel-osx-x86_64

Version: 2.3
Check: re-building of vignette outputs
Result: WARN
    Error(s) in re-building vignettes:
     ...
    --- re-building ‘localsolver.Rmd’ using knitr
    sh: localsolver: command not found
    Quitting from lines 66-68 (localsolver.Rmd)
    Error: processing vignette 'localsolver.Rmd' failed with diagnostics:
    has.localsolver(ls.path) is not TRUE
    --- failed re-building ‘localsolver.Rmd’
    
    SUMMARY: processing the following file failed:
     ‘localsolver.Rmd’
    
    Error: Vignette re-building failed.
    Execution halted
Flavor: r-release-osx-x86_64

Version: 2.3
Check: re-building of vignette outputs
Result: WARN
    Error in re-building vignettes:
     ...
    sh: localsolver: command not found
    Quitting from lines 66-68 (localsolver.Rmd)
    Error: processing vignette 'localsolver.Rmd' failed with diagnostics:
    has.localsolver(ls.path) is not TRUE
    Execution halted
Flavor: r-oldrel-osx-x86_64