CRAN Package Check Results for Package localsolver

Last updated on 2020-05-29 17:49:09 CEST.

Flavor Version Tinstall Tcheck Ttotal Status Flags
r-devel-linux-x86_64-debian-clang 2.3 2.62 22.14 24.76 OK --no-examples --no-tests --no-vignettes
r-devel-linux-x86_64-debian-gcc 2.3 1.91 17.62 19.53 OK --no-examples --no-tests --no-vignettes
r-devel-windows-ix86+x86_64 2.3 9.00 61.00 70.00 OK
r-patched-linux-x86_64 2.3 2.40 22.00 24.40 OK --no-examples --no-tests --no-vignettes
r-release-linux-x86_64 2.3 2.64 21.96 24.60 OK --no-examples --no-tests --no-vignettes
r-release-osx-x86_64 2.3 ERROR
r-release-windows-ix86+x86_64 2.3 5.00 118.00 123.00 OK
r-oldrel-osx-x86_64 2.3 ERROR
r-oldrel-windows-ix86+x86_64 2.3 6.00 42.00 48.00 OK

Check Details

Version: 2.3
Check: examples
Result: ERROR
    Running examples in ‘localsolver-Ex.R’ failed
    The error most likely occurred in:
    
    > ### Name: add.output.expr
    > ### Title: Add expression to output of ls.problem.
    > ### Aliases: add.output.expr
    >
    > ### ** Examples
    >
    > model.text.lsp <- lsp.model.example('extdata/knapsack.txt')
    > lsp <- ls.problem(model.text.lsp)
    sh: localsolver: command not found
    Error in ls.problem(model.text.lsp) :
     has.localsolver(ls.path) is not TRUE
    Calls: ls.problem -> stopifnot
    Execution halted
Flavors: r-release-osx-x86_64, r-oldrel-osx-x86_64

Version: 2.3
Check: re-building of vignette outputs
Result: WARN
    Error(s) in re-building vignettes:
     ...
    --- re-building ‘localsolver.Rmd’ using knitr
    sh: localsolver: command not found
    Quitting from lines 66-68 (localsolver.Rmd)
    Error: processing vignette 'localsolver.Rmd' failed with diagnostics:
    has.localsolver(ls.path) is not TRUE
    --- failed re-building ‘localsolver.Rmd’
    
    SUMMARY: processing the following file failed:
     ‘localsolver.Rmd’
    
    Error: Vignette re-building failed.
    Execution halted
Flavors: r-release-osx-x86_64, r-oldrel-osx-x86_64