CRAN Package Check Results for Package locits

Last updated on 2018-11-20 13:46:28 CET.

Flavor Version Tinstall Tcheck Ttotal Status Flags
r-devel-linux-x86_64-debian-clang 1.7.3 5.20 47.32 52.52 OK
r-devel-linux-x86_64-debian-gcc 1.7.3 3.55 37.36 40.91 OK
r-devel-linux-x86_64-fedora-clang 1.7.3 61.10 NOTE
r-devel-linux-x86_64-fedora-gcc 1.7.3 59.24 NOTE
r-devel-windows-ix86+x86_64 1.7.3 16.00 78.00 94.00 OK
r-patched-linux-x86_64 1.7.3 4.59 45.29 49.88 OK
r-patched-solaris-x86 1.7.3 94.60 OK
r-release-linux-x86_64 1.7.3 4.90 45.23 50.13 OK
r-release-windows-ix86+x86_64 1.7.3 10.00 111.00 121.00 OK
r-release-osx-x86_64 1.7.3 OK
r-oldrel-windows-ix86+x86_64 1.7.3 16.00 97.00 113.00 OK
r-oldrel-osx-x86_64 1.7.3 OK

Check Details

Version: 1.7.3
Check: compiled code
Result: NOTE
    File ‘locits/libs/locits.so’:
     Found no calls to: ‘R_registerRoutines’, ‘R_useDynamicSymbols’
    
    It is good practice to register native routines and to disable symbol
    search.
    
    See ‘Writing portable packages’ in the ‘Writing R Extensions’ manual.
Flavors: r-devel-linux-x86_64-fedora-clang, r-devel-linux-x86_64-fedora-gcc