CRAN Package Check Results for Package locits

Last updated on 2018-08-22 08:48:55 CEST.

Flavor Version Tinstall Tcheck Ttotal Status Flags
r-devel-linux-x86_64-debian-clang 1.7.3 3.65 46.96 50.61 NOTE
r-devel-linux-x86_64-debian-gcc 1.7.3 3.09 37.96 41.05 NOTE
r-devel-linux-x86_64-fedora-clang 1.7.3 61.74 NOTE
r-devel-linux-x86_64-fedora-gcc 1.7.3 60.99 NOTE
r-devel-windows-ix86+x86_64 1.7.3 11.00 81.00 92.00 OK
r-patched-linux-x86_64 1.7.3 4.56 45.94 50.50 NOTE
r-patched-solaris-x86 1.7.3 92.90 OK
r-release-linux-x86_64 1.7.3 5.26 45.19 50.45 NOTE
r-release-windows-ix86+x86_64 1.7.3 15.00 75.00 90.00 OK
r-release-osx-x86_64 1.7.3 OK
r-oldrel-windows-ix86+x86_64 1.7.3 7.00 97.00 104.00 OK
r-oldrel-osx-x86_64 1.7.3 OK

Check Details

Version: 1.7.3
Check: compiled code
Result: NOTE
    File ‘locits/libs/locits.so’:
     Found no calls to: ‘R_registerRoutines’, ‘R_useDynamicSymbols’
    
    It is good practice to register native routines and to disable symbol
    search.
    
    See ‘Writing portable packages’ in the ‘Writing R Extensions’ manual.
Flavors: r-devel-linux-x86_64-debian-clang, r-devel-linux-x86_64-debian-gcc, r-devel-linux-x86_64-fedora-clang, r-devel-linux-x86_64-fedora-gcc, r-patched-linux-x86_64, r-release-linux-x86_64