CRAN Package Check Results for Package locits

Last updated on 2019-02-20 13:46:32 CET.

Flavor Version Tinstall Tcheck Ttotal Status Flags
r-devel-linux-x86_64-debian-clang 1.7.3 5.59 47.79 53.38 OK
r-devel-linux-x86_64-debian-gcc 1.7.3 4.24 37.70 41.94 OK
r-devel-linux-x86_64-fedora-clang 1.7.3 63.43 NOTE
r-devel-linux-x86_64-fedora-gcc 1.7.3 60.29 NOTE
r-devel-windows-ix86+x86_64 1.7.3 13.00 83.00 96.00 OK
r-patched-linux-x86_64 1.7.3 OK
r-patched-solaris-x86 1.7.3 92.90 OK
r-release-linux-x86_64 1.7.3 OK
r-release-windows-ix86+x86_64 1.7.3 9.00 104.00 113.00 OK
r-release-osx-x86_64 1.7.3 OK
r-oldrel-windows-ix86+x86_64 1.7.3 8.00 81.00 89.00 OK
r-oldrel-osx-x86_64 1.7.3 OK

Check Details

Version: 1.7.3
Check: compiled code
Result: NOTE
    File ‘locits/libs/locits.so’:
     Found no calls to: ‘R_registerRoutines’, ‘R_useDynamicSymbols’
    
    It is good practice to register native routines and to disable symbol
    search.
    
    See ‘Writing portable packages’ in the ‘Writing R Extensions’ manual.
Flavors: r-devel-linux-x86_64-fedora-clang, r-devel-linux-x86_64-fedora-gcc