CRAN Package Check Results for Package locits

Last updated on 2018-02-24 22:47:34 CET.

Flavor Version Tinstall Tcheck Ttotal Status Flags
r-devel-linux-x86_64-debian-clang 1.7.3 4.71 45.00 49.71 NOTE
r-devel-linux-x86_64-debian-gcc 1.7.3 4.26 35.37 39.63 NOTE
r-devel-linux-x86_64-fedora-clang 1.7.3 62.72 NOTE
r-devel-linux-x86_64-fedora-gcc 1.7.3 59.42 NOTE
r-devel-windows-ix86+x86_64 1.7.3 12.00 98.00 110.00 OK
r-patched-linux-x86_64 1.7.3 2.31 47.12 49.43 NOTE
r-patched-solaris-x86 1.7.3 79.70 OK
r-release-linux-x86_64 1.7.3 2.50 47.04 49.54 NOTE
r-release-windows-ix86+x86_64 1.7.3 14.00 100.00 114.00 OK
r-release-osx-x86_64 1.7.3 OK
r-oldrel-windows-ix86+x86_64 1.7.3 7.00 107.00 114.00 OK
r-oldrel-osx-x86_64 1.7.3 OK

Check Details

Version: 1.7.3
Check: compiled code
Result: NOTE
    File ‘locits/libs/locits.so’:
     Found no calls to: ‘R_registerRoutines’, ‘R_useDynamicSymbols’
    
    It is good practice to register native routines and to disable symbol
    search.
    
    See ‘Writing portable packages’ in the ‘Writing R Extensions’ manual.
Flavors: r-devel-linux-x86_64-debian-clang, r-devel-linux-x86_64-debian-gcc, r-devel-linux-x86_64-fedora-clang, r-devel-linux-x86_64-fedora-gcc, r-patched-linux-x86_64, r-release-linux-x86_64