CRAN Package Check Results for Package locpol

Last updated on 2022-08-10 17:50:09 CEST.

Flavor Version Tinstall Tcheck Ttotal Status Flags
r-devel-linux-x86_64-debian-clang 0.7-0 5.04 34.07 39.11 NOTE
r-devel-linux-x86_64-debian-gcc 0.7-0 3.60 26.42 30.02 NOTE
r-devel-linux-x86_64-fedora-clang 0.7-0 56.24 NOTE
r-devel-linux-x86_64-fedora-gcc 0.7-0 55.67 NOTE
r-devel-windows-x86_64 0.7-0 19.00 63.00 82.00 NOTE
r-patched-linux-x86_64 0.7-0 3.28 33.08 36.36 OK
r-release-linux-x86_64 0.7-0 OK
r-release-macos-arm64 0.7-0 20.00 OK
r-release-macos-x86_64 0.7-0 27.00 OK
r-release-windows-x86_64 0.7-0 12.00 63.00 75.00 OK
r-oldrel-macos-arm64 0.7-0 24.00 OK
r-oldrel-macos-x86_64 0.7-0 35.00 OK
r-oldrel-windows-ix86+x86_64 0.7-0 12.00 56.00 68.00 OK

Check Details

Version: 0.7-0
Check: Rd files
Result: NOTE
    checkRd: (-1) KernelChars.Rd:41: Escaped LaTeX specials: \&
    checkRd: (-1) Kernels.Rd:41: Escaped LaTeX specials: \&
    checkRd: (-1) PRDenEstC.Rd:33: Escaped LaTeX specials: \&
    checkRd: (-1) compKernVals.Rd:47: Escaped LaTeX specials: \&
    checkRd: (-1) denCVBwSelC.Rd:30: Escaped LaTeX specials: \&
    checkRd: (-1) equivKernel.Rd:31: Escaped LaTeX specials: \&
    checkRd: (-1) kernelCtes.Rd:32: Escaped LaTeX specials: \&
    checkRd: (-1) locPolWeights.Rd:52: Escaped LaTeX specials: \&
    checkRd: (-1) locpol.Rd:69: Escaped LaTeX specials: \&
    checkRd: (-1) locpol.Rd:82: Escaped LaTeX specials: \&
    checkRd: (-1) locpolSmoothers.Rd:54: Escaped LaTeX specials: \&
    checkRd: (-1) pluginBw.Rd:29: Escaped LaTeX specials: \&
    checkRd: (-1) regCVBwSelC.Rd:33: Escaped LaTeX specials: \&
    checkRd: (-1) thumbBw.Rd:40: Escaped LaTeX specials: \&
Flavors: r-devel-linux-x86_64-debian-clang, r-devel-linux-x86_64-debian-gcc, r-devel-linux-x86_64-fedora-clang, r-devel-linux-x86_64-fedora-gcc, r-devel-windows-x86_64