CRAN Package Check Results for Package locpolExpectile

Last updated on 2022-05-27 21:51:25 CEST.

Flavor Version Tinstall Tcheck Ttotal Status Flags
r-devel-linux-x86_64-debian-clang 0.1.1 19.56 170.37 189.93 OK
r-devel-linux-x86_64-debian-gcc 0.1.1 15.05 124.62 139.67 OK
r-devel-linux-x86_64-fedora-clang 0.1.1 221.62 NOTE
r-devel-linux-x86_64-fedora-gcc 0.1.1 203.46 NOTE
r-devel-windows-x86_64 0.1.1 54.00 202.00 256.00 OK
r-patched-linux-x86_64 0.1.1 18.53 157.54 176.07 OK
r-release-linux-x86_64 0.1.1 16.61 159.02 175.63 OK
r-release-macos-arm64 0.1.1 65.00 NOTE
r-release-macos-x86_64 0.1.1 125.00 NOTE
r-release-windows-x86_64 0.1.1 50.00 197.00 247.00 OK
r-oldrel-macos-arm64 0.1.1 68.00 NOTE
r-oldrel-macos-x86_64 0.1.1 79.00 NOTE
r-oldrel-windows-ix86+x86_64 0.1.1 60.00 223.00 283.00 OK

Check Details

Version: 0.1.1
Check: dependencies in R code
Result: NOTE
    Namespace in Imports field not imported from: ‘lestat’
     All declared Imports should be used.
Flavors: r-devel-linux-x86_64-fedora-clang, r-devel-linux-x86_64-fedora-gcc, r-release-macos-arm64, r-release-macos-x86_64, r-oldrel-macos-arm64, r-oldrel-macos-x86_64