CRAN Package Check Results for Package locpolExpectile

Last updated on 2024-03-05 00:51:43 CET.

Flavor Version Tinstall Tcheck Ttotal Status Flags
r-devel-linux-x86_64-debian-clang 0.1.1 15.80 127.31 143.11 OK
r-devel-linux-x86_64-debian-gcc 0.1.1 12.15 94.52 106.67 OK
r-devel-linux-x86_64-fedora-clang 0.1.1 178.41 NOTE
r-devel-linux-x86_64-fedora-gcc 0.1.1 167.93 NOTE
r-devel-windows-x86_64 0.1.1 14.00 108.00 122.00 OK
r-patched-linux-x86_64 0.1.1 15.42 123.03 138.45 OK
r-release-linux-x86_64 0.1.1 15.08 123.95 139.03 OK
r-release-macos-arm64 0.1.1 66.00 OK
r-release-macos-x86_64 0.1.1 110.00 OK
r-release-windows-x86_64 0.1.1 16.00 128.00 144.00 OK
r-oldrel-macos-arm64 0.1.1 65.00 NOTE
r-oldrel-windows-x86_64 0.1.1 17.00 124.00 141.00 OK

Check Details

Version: 0.1.1
Check: dependencies in R code
Result: NOTE Namespace in Imports field not imported from: ‘lestat’ All declared Imports should be used. Flavors: r-devel-linux-x86_64-fedora-clang, r-devel-linux-x86_64-fedora-gcc, r-oldrel-macos-arm64