CRAN Package Check Results for Package loder

Last updated on 2022-05-21 03:55:05 CEST.

Flavor Version Tinstall Tcheck Ttotal Status Flags
r-devel-linux-x86_64-debian-clang 0.2.0 7.36 31.37 38.73 NOTE
r-devel-linux-x86_64-debian-gcc 0.2.0 5.98 25.33 31.31 NOTE
r-devel-linux-x86_64-fedora-clang 0.2.0 51.76 NOTE
r-devel-linux-x86_64-fedora-gcc 0.2.0 45.96 NOTE
r-devel-windows-x86_64 0.2.0 27.00 50.00 77.00 NOTE
r-patched-linux-x86_64 0.2.0 5.85 30.47 36.32 NOTE
r-release-linux-x86_64 0.2.0 6.02 31.13 37.15 NOTE
r-release-macos-arm64 0.2.0 16.00 NOTE
r-release-macos-x86_64 0.2.0 26.00 NOTE
r-release-windows-x86_64 0.2.0 37.00 49.00 86.00 NOTE
r-oldrel-macos-arm64 0.2.0 19.00 NOTE
r-oldrel-macos-x86_64 0.2.0 32.00 NOTE
r-oldrel-windows-ix86+x86_64 0.2.0 18.00 50.00 68.00 NOTE

Check Details

Version: 0.2.0
Check: LazyData
Result: NOTE
     'LazyData' is specified without a 'data' directory
Flavors: r-devel-linux-x86_64-debian-clang, r-devel-linux-x86_64-debian-gcc, r-devel-linux-x86_64-fedora-clang, r-devel-linux-x86_64-fedora-gcc, r-devel-windows-x86_64, r-patched-linux-x86_64, r-release-linux-x86_64, r-release-macos-arm64, r-release-macos-x86_64, r-release-windows-x86_64, r-oldrel-macos-arm64, r-oldrel-macos-x86_64, r-oldrel-windows-ix86+x86_64