CRAN Package Check Results for Package lodr

Last updated on 2024-03-04 19:54:16 CET.

Flavor Version Tinstall Tcheck Ttotal Status Flags
r-devel-linux-x86_64-debian-clang 1.0 39.04 120.52 159.56 NOTE
r-devel-linux-x86_64-debian-gcc 1.0 32.44 64.09 96.53 NOTE
r-devel-linux-x86_64-fedora-clang 1.0 219.27 NOTE
r-devel-linux-x86_64-fedora-gcc 1.0 163.79 NOTE
r-devel-windows-x86_64 1.0 31.00 93.00 124.00 NOTE
r-patched-linux-x86_64 1.0 36.01 82.08 118.09 NOTE
r-release-linux-x86_64 1.0 34.36 83.27 117.63 NOTE
r-release-macos-arm64 1.0 48.00 NOTE
r-release-macos-x86_64 1.0 75.00 NOTE
r-release-windows-x86_64 1.0 39.00 106.00 145.00 NOTE
r-oldrel-macos-arm64 1.0 42.00 OK
r-oldrel-windows-x86_64 1.0 37.00 107.00 144.00 OK

Check Details

Version: 1.0
Check: C++ specification
Result: NOTE Specified C++11: please drop specification unless essential Flavors: r-devel-linux-x86_64-debian-clang, r-devel-linux-x86_64-debian-gcc, r-devel-linux-x86_64-fedora-clang, r-devel-linux-x86_64-fedora-gcc, r-devel-windows-x86_64, r-patched-linux-x86_64, r-release-linux-x86_64, r-release-macos-arm64, r-release-macos-x86_64, r-release-windows-x86_64