CRAN Package Check Results for Package loe

Last updated on 2019-01-23 20:48:08 CET.

Flavor Version Tinstall Tcheck Ttotal Status Flags
r-devel-linux-x86_64-debian-clang 1.1 2.29 25.05 27.34 OK
r-devel-linux-x86_64-debian-gcc 1.1 1.97 19.75 21.72 OK
r-devel-linux-x86_64-fedora-clang 1.1 32.02 NOTE
r-devel-linux-x86_64-fedora-gcc 1.1 31.55 NOTE
r-devel-windows-ix86+x86_64 1.1 10.00 65.00 75.00 OK
r-patched-linux-x86_64 1.1 2.17 23.11 25.28 OK
r-patched-solaris-x86 1.1 53.10 OK
r-release-linux-x86_64 1.1 2.40 23.46 25.86 OK
r-release-windows-ix86+x86_64 1.1 6.00 74.00 80.00 OK
r-release-osx-x86_64 1.1 OK
r-oldrel-windows-ix86+x86_64 1.1 6.00 65.00 71.00 OK
r-oldrel-osx-x86_64 1.1 OK

Check Details

Version: 1.1
Check: compiled code
Result: NOTE
    File ‘loe/libs/loe.so’:
     Found no calls to: ‘R_registerRoutines’, ‘R_useDynamicSymbols’
    
    It is good practice to register native routines and to disable symbol
    search.
    
    See ‘Writing portable packages’ in the ‘Writing R Extensions’ manual.
Flavors: r-devel-linux-x86_64-fedora-clang, r-devel-linux-x86_64-fedora-gcc