CRAN Package Check Results for Package loe

Last updated on 2018-08-17 19:49:17 CEST.

Flavor Version Tinstall Tcheck Ttotal Status Flags
r-devel-linux-x86_64-debian-clang 1.1 2.01 25.12 27.13 NOTE
r-devel-linux-x86_64-debian-gcc 1.1 1.83 20.36 22.19 NOTE
r-devel-linux-x86_64-fedora-clang 1.1 32.45 NOTE
r-devel-linux-x86_64-fedora-gcc 1.1 31.97 NOTE
r-devel-windows-ix86+x86_64 1.1 8.00 67.00 75.00 OK
r-patched-linux-x86_64 1.1 1.90 23.53 25.43 NOTE
r-patched-solaris-x86 1.1 53.30 OK
r-release-linux-x86_64 1.1 2.36 23.50 25.86 NOTE
r-release-windows-ix86+x86_64 1.1 8.00 60.00 68.00 OK
r-release-osx-x86_64 1.1 OK
r-oldrel-windows-ix86+x86_64 1.1 7.00 41.00 48.00 OK
r-oldrel-osx-x86_64 1.1 OK

Check Details

Version: 1.1
Check: compiled code
Result: NOTE
    File ‘loe/libs/loe.so’:
     Found no calls to: ‘R_registerRoutines’, ‘R_useDynamicSymbols’
    
    It is good practice to register native routines and to disable symbol
    search.
    
    See ‘Writing portable packages’ in the ‘Writing R Extensions’ manual.
Flavors: r-devel-linux-x86_64-debian-clang, r-devel-linux-x86_64-debian-gcc, r-devel-linux-x86_64-fedora-clang, r-devel-linux-x86_64-fedora-gcc, r-patched-linux-x86_64, r-release-linux-x86_64