CRAN Package Check Results for Package loe

Last updated on 2021-05-06 21:49:34 CEST.

Flavor Version Tinstall Tcheck Ttotal Status Flags
r-devel-linux-x86_64-debian-clang 1.1 3.47 29.37 32.84 OK
r-devel-linux-x86_64-debian-gcc 1.1 2.58 23.48 26.06 OK
r-devel-linux-x86_64-fedora-clang 1.1 51.07 NOTE
r-devel-linux-x86_64-fedora-gcc 1.1 40.10 NOTE
r-devel-windows-ix86+x86_64 1.1 8.00 62.00 70.00 OK
r-devel-windows-x86_64-gcc10-UCRT 1.1 OK
r-patched-linux-x86_64 1.1 3.34 28.95 32.29 OK
r-patched-solaris-x86 1.1 64.00 OK
r-release-linux-x86_64 1.1 3.01 28.23 31.24 OK
r-release-macos-x86_64 1.1 OK
r-release-windows-ix86+x86_64 1.1 7.00 47.00 54.00 OK
r-oldrel-macos-x86_64 1.1 OK
r-oldrel-windows-ix86+x86_64 1.1 8.00 48.00 56.00 OK

Check Details

Version: 1.1
Check: compiled code
Result: NOTE
    File ‘loe/libs/loe.so’:
     Found no calls to: ‘R_registerRoutines’, ‘R_useDynamicSymbols’
    
    It is good practice to register native routines and to disable symbol
    search.
    
    See ‘Writing portable packages’ in the ‘Writing R Extensions’ manual.
Flavors: r-devel-linux-x86_64-fedora-clang, r-devel-linux-x86_64-fedora-gcc