CRAN Package Check Results for Package loe

Last updated on 2018-10-19 22:49:45 CEST.

Flavor Version Tinstall Tcheck Ttotal Status Flags
r-devel-linux-x86_64-debian-clang 1.1 1.86 25.50 27.36 OK
r-devel-linux-x86_64-debian-gcc 1.1 2.02 20.45 22.47 OK
r-devel-linux-x86_64-fedora-clang 1.1 32.86 NOTE
r-devel-linux-x86_64-fedora-gcc 1.1 31.59 NOTE
r-devel-windows-ix86+x86_64 1.1 9.00 69.00 78.00 OK
r-patched-linux-x86_64 1.1 2.28 23.27 25.55 OK
r-patched-solaris-x86 1.1 50.10 OK
r-release-linux-x86_64 1.1 1.96 23.18 25.14 OK
r-release-windows-ix86+x86_64 1.1 6.00 64.00 70.00 OK
r-release-osx-x86_64 1.1 OK
r-oldrel-windows-ix86+x86_64 1.1 6.00 64.00 70.00 OK
r-oldrel-osx-x86_64 1.1 OK

Check Details

Version: 1.1
Check: compiled code
Result: NOTE
    File ‘loe/libs/loe.so’:
     Found no calls to: ‘R_registerRoutines’, ‘R_useDynamicSymbols’
    
    It is good practice to register native routines and to disable symbol
    search.
    
    See ‘Writing portable packages’ in the ‘Writing R Extensions’ manual.
Flavors: r-devel-linux-x86_64-fedora-clang, r-devel-linux-x86_64-fedora-gcc