CRAN Package Check Results for Package loe

Last updated on 2018-05-28 10:48:55 CEST.

Flavor Version Tinstall Tcheck Ttotal Status Flags
r-devel-linux-x86_64-debian-clang 1.1 2.19 22.52 24.71 NOTE
r-devel-linux-x86_64-debian-gcc 1.1 1.89 19.20 21.09 NOTE
r-devel-linux-x86_64-fedora-clang 1.1 32.59 NOTE
r-devel-linux-x86_64-fedora-gcc 1.1 30.99 NOTE
r-devel-windows-ix86+x86_64 1.1 7.00 52.00 59.00 OK
r-patched-linux-x86_64 1.1 2.21 22.92 25.13 NOTE
r-patched-solaris-x86 1.1 49.70 OK
r-release-linux-x86_64 1.1 1.92 22.69 24.61 NOTE
r-release-windows-ix86+x86_64 1.1 9.00 50.00 59.00 OK
r-release-osx-x86_64 1.1 OK
r-oldrel-windows-ix86+x86_64 1.1 9.00 46.00 55.00 OK
r-oldrel-osx-x86_64 1.1 OK

Check Details

Version: 1.1
Check: compiled code
Result: NOTE
    File ‘loe/libs/loe.so’:
     Found no calls to: ‘R_registerRoutines’, ‘R_useDynamicSymbols’
    
    It is good practice to register native routines and to disable symbol
    search.
    
    See ‘Writing portable packages’ in the ‘Writing R Extensions’ manual.
Flavors: r-devel-linux-x86_64-debian-clang, r-devel-linux-x86_64-debian-gcc, r-devel-linux-x86_64-fedora-clang, r-devel-linux-x86_64-fedora-gcc, r-patched-linux-x86_64, r-release-linux-x86_64