CRAN Package Check Results for Package log

Last updated on 2021-04-14 16:47:30 CEST.

Flavor Version Tinstall Tcheck Ttotal Status Flags
r-devel-linux-x86_64-debian-clang 1.1.0 3.93 28.50 32.43 NOTE
r-devel-linux-x86_64-debian-gcc 1.1.0 2.89 22.70 25.59 NOTE
r-devel-linux-x86_64-fedora-clang 1.1.0 49.89 NOTE
r-devel-linux-x86_64-fedora-gcc 1.1.0 38.81 NOTE
r-devel-windows-ix86+x86_64 1.1.0 8.00 5.00 13.00 ERROR
r-devel-windows-x86_64-gcc10-UCRT 1.1.0 NOTE
r-patched-linux-x86_64 1.1.0 3.93 27.58 31.51 OK
r-patched-solaris-x86 1.1.0 60.50 NOTE
r-release-linux-x86_64 1.1.0 3.55 27.82 31.37 OK
r-release-macos-x86_64 1.1.0 NOTE
r-release-windows-ix86+x86_64 1.1.0 8.00 48.00 56.00 OK
r-oldrel-macos-x86_64 1.1.0 NOTE
r-oldrel-windows-ix86+x86_64 1.1.0 7.00 35.00 42.00 OK

Check Details

Version: 1.1.0
Check: LazyData
Result: NOTE
     'LazyData' is specified without a 'data' directory
Flavors: r-devel-linux-x86_64-debian-clang, r-devel-linux-x86_64-debian-gcc, r-devel-linux-x86_64-fedora-clang, r-devel-linux-x86_64-fedora-gcc, r-devel-windows-x86_64-gcc10-UCRT

Version: 1.1.0
Check: dependencies in R code
Result: NOTE
    Namespace in Imports field not imported from: ‘R6’
     All declared Imports should be used.
Flavors: r-devel-linux-x86_64-fedora-clang, r-devel-linux-x86_64-fedora-gcc, r-devel-windows-x86_64-gcc10-UCRT, r-patched-solaris-x86, r-release-macos-x86_64, r-oldrel-macos-x86_64

Version: 1.1.0
Check: whether package can be installed
Result: ERROR
    Installation failed.
Flavor: r-devel-windows-ix86+x86_64