Last updated on 2023-10-01 08:52:02 CEST.
Flavor | Version | Tinstall | Tcheck | Ttotal | Status | Flags |
---|---|---|---|---|---|---|
r-devel-linux-x86_64-debian-clang | 0.8.38 | 2.25 | 32.39 | 34.64 | NOTE | |
r-devel-linux-x86_64-debian-gcc | 0.8.38 | 1.76 | 25.15 | 26.91 | NOTE | |
r-devel-linux-x86_64-fedora-clang | 0.8.38 | 43.55 | NOTE | |||
r-devel-linux-x86_64-fedora-gcc | 0.8.38 | 53.90 | NOTE | |||
r-devel-windows-x86_64 | 0.8.38 | 5.00 | 50.00 | 55.00 | NOTE | |
r-patched-linux-x86_64 | 0.8.38 | 2.19 | 31.69 | 33.88 | NOTE | |
r-release-linux-x86_64 | 0.8.38 | 2.10 | 31.92 | 34.02 | NOTE | |
r-release-macos-arm64 | 0.8.38 | 23.00 | NOTE | |||
r-release-macos-x86_64 | 0.8.38 | 37.00 | NOTE | |||
r-release-windows-x86_64 | 0.8.38 | 3.00 | 49.00 | 52.00 | NOTE | |
r-oldrel-macos-arm64 | 0.8.38 | 19.00 | NOTE | |||
r-oldrel-macos-x86_64 | 0.8.38 | 29.00 | NOTE | |||
r-oldrel-windows-x86_64 | 0.8.38 | 5.00 | 55.00 | 60.00 | NOTE |
Version: 0.8.38
Check: Rd contents
Result: NOTE
Argument items with no description in Rd object 'dlogitnorm':
‘sigma’
Argument items with no description in Rd object 'invlogit':
‘q’ ‘\dots’
Argument items with no description in Rd object 'logit':
‘p’ ‘\dots’
Argument items with no description in Rd object 'plogitnorm':
‘sigma’ ‘\dots’
Argument items with no description in Rd object 'qlogitnorm':
‘sigma’ ‘\dots’
Argument items with no description in Rd object 'twCoefLogitnorm':
‘\dots’
Argument items with no description in Rd object 'twCoefLogitnormE':
‘\dots’
Flavors: r-devel-linux-x86_64-debian-clang, r-devel-linux-x86_64-debian-gcc, r-devel-linux-x86_64-fedora-clang, r-devel-linux-x86_64-fedora-gcc, r-devel-windows-x86_64
Version: 0.8.38
Check: LazyData
Result: NOTE
'LazyData' is specified without a 'data' directory
Flavors: r-devel-linux-x86_64-debian-clang, r-devel-linux-x86_64-debian-gcc, r-devel-linux-x86_64-fedora-clang, r-devel-linux-x86_64-fedora-gcc, r-devel-windows-x86_64, r-patched-linux-x86_64, r-release-linux-x86_64, r-release-macos-arm64, r-release-macos-x86_64, r-release-windows-x86_64, r-oldrel-macos-arm64, r-oldrel-macos-x86_64, r-oldrel-windows-x86_64