CRAN Package Check Results for Package lolR

Last updated on 2021-04-17 01:49:59 CEST.

Flavor Version Tinstall Tcheck Ttotal Status Flags
r-devel-linux-x86_64-debian-clang 2.1 8.57 225.61 234.18 NOTE
r-devel-linux-x86_64-debian-gcc 2.1 7.92 162.49 170.41 NOTE
r-devel-linux-x86_64-fedora-clang 2.1 280.48 NOTE
r-devel-linux-x86_64-fedora-gcc 2.1 273.72 NOTE
r-devel-windows-ix86+x86_64 2.1 23.00 4.00 27.00 ERROR
r-devel-windows-x86_64-gcc10-UCRT 2.1 NOTE
r-patched-linux-x86_64 2.1 8.62 207.13 215.75 OK
r-patched-solaris-x86 2.1 374.30 NOTE
r-release-linux-x86_64 2.1 9.34 206.87 216.21 OK
r-release-macos-x86_64 2.1 NOTE
r-release-windows-ix86+x86_64 2.1 30.00 258.00 288.00 OK
r-oldrel-macos-x86_64 2.1 NOTE
r-oldrel-windows-ix86+x86_64 2.1 12.00 256.00 268.00 OK

Check Details

Version: 2.1
Check: LazyData
Result: NOTE
     'LazyData' is specified without a 'data' directory
Flavors: r-devel-linux-x86_64-debian-clang, r-devel-linux-x86_64-debian-gcc, r-devel-linux-x86_64-fedora-clang, r-devel-linux-x86_64-fedora-gcc, r-devel-windows-x86_64-gcc10-UCRT

Version: 2.1
Check: dependencies in R code
Result: NOTE
    Namespace in Imports field not imported from: ‘ggplot2’
     All declared Imports should be used.
Flavors: r-devel-linux-x86_64-fedora-clang, r-devel-linux-x86_64-fedora-gcc, r-devel-windows-x86_64-gcc10-UCRT, r-patched-solaris-x86, r-release-macos-x86_64, r-oldrel-macos-x86_64

Version: 2.1
Check: whether package can be installed
Result: ERROR
    Installation failed.
    See *
Flavor: r-devel-windows-ix86+x86_64