CRAN Package Check Results for Package lolR

Last updated on 2018-11-17 15:47:29 CET.

Flavor Version Tinstall Tcheck Ttotal Status Flags
r-devel-linux-x86_64-debian-clang 2.0 5.80 169.00 174.80 OK
r-devel-linux-x86_64-debian-gcc 2.0 4.41 130.52 134.93 OK
r-devel-linux-x86_64-fedora-clang 2.0 221.14 NOTE
r-devel-linux-x86_64-fedora-gcc 2.0 194.83 NOTE
r-devel-windows-ix86+x86_64 2.0 12.00 235.00 247.00 OK
r-patched-linux-x86_64 2.0 5.80 167.34 173.14 OK
r-patched-solaris-x86 2.0 285.00 NOTE
r-release-linux-x86_64 2.0 5.93 163.45 169.38 OK
r-release-windows-ix86+x86_64 2.0 17.00 189.00 206.00 OK
r-release-osx-x86_64 2.0 NOTE
r-oldrel-windows-ix86+x86_64 2.0 11.00 267.00 278.00 OK
r-oldrel-osx-x86_64 2.0 NOTE

Additional issues

OpenBLAS

Check Details

Version: 2.0
Check: dependencies in R code
Result: NOTE
    Namespace in Imports field not imported from: ‘ggplot2’
     All declared Imports should be used.
Flavors: r-devel-linux-x86_64-fedora-clang, r-devel-linux-x86_64-fedora-gcc, r-patched-solaris-x86, r-release-osx-x86_64, r-oldrel-osx-x86_64

Version: 2.0
Check: installed package size
Result: NOTE
     installed size is 5.6Mb
     sub-directories of 1Mb or more:
     doc 5.4Mb
Flavor: r-patched-solaris-x86