CRAN Package Check Results for Package lolR

Last updated on 2018-02-23 04:48:22 CET.

Flavor Version Tinstall Tcheck Ttotal Status Flags
r-devel-linux-x86_64-debian-clang 1.0.1 5.13 95.22 100.35 OK
r-devel-linux-x86_64-debian-gcc 1.0.1 4.08 84.72 88.80 OK
r-devel-linux-x86_64-fedora-clang 1.0.1 129.86 NOTE
r-devel-linux-x86_64-fedora-gcc 1.0.1 125.37 NOTE
r-devel-windows-ix86+x86_64 1.0.1 13.00 117.00 130.00 OK
r-patched-linux-x86_64 1.0.1 3.62 120.13 123.75 OK
r-patched-solaris-x86 1.0.1 190.50 NOTE
r-release-linux-x86_64 1.0.1 3.17 120.09 123.26 OK
r-release-windows-ix86+x86_64 1.0.1 12.00 169.00 181.00 OK
r-release-osx-x86_64 1.0.1 NOTE

Check Details

Version: 1.0.1
Check: dependencies in R code
Result: NOTE
    Namespace in Imports field not imported from: ‘ggplot2’
     All declared Imports should be used.
Flavors: r-devel-linux-x86_64-fedora-clang, r-devel-linux-x86_64-fedora-gcc, r-patched-solaris-x86, r-release-osx-x86_64