CRAN Package Check Results for Package lolR

Last updated on 2022-12-05 23:01:27 CET.

Flavor Version Tinstall Tcheck Ttotal Status Flags
r-devel-linux-x86_64-debian-clang 2.1 9.07 270.55 279.62 NOTE
r-devel-linux-x86_64-debian-gcc 2.1 8.38 194.20 202.58 NOTE
r-devel-linux-x86_64-fedora-clang 2.1 361.86 NOTE
r-devel-linux-x86_64-fedora-gcc 2.1 368.35 NOTE
r-devel-windows-x86_64 2.1 31.00 304.00 335.00 NOTE
r-patched-linux-x86_64 2.1 10.42 249.26 259.68 NOTE
r-release-linux-x86_64 2.1 10.82 204.85 215.67 NOTE
r-release-macos-arm64 2.1 98.00 NOTE
r-release-macos-x86_64 2.1 162.00 NOTE
r-release-windows-x86_64 2.1 38.00 295.00 333.00 NOTE
r-oldrel-macos-arm64 2.1 170.00 NOTE
r-oldrel-macos-x86_64 2.1 168.00 NOTE
r-oldrel-windows-ix86+x86_64 2.1 24.00 287.00 311.00 NOTE

Check Details

Version: 2.1
Check: LazyData
Result: NOTE
     'LazyData' is specified without a 'data' directory
Flavors: r-devel-linux-x86_64-debian-clang, r-devel-linux-x86_64-debian-gcc, r-devel-linux-x86_64-fedora-clang, r-devel-linux-x86_64-fedora-gcc, r-devel-windows-x86_64, r-patched-linux-x86_64, r-release-linux-x86_64, r-release-macos-arm64, r-release-macos-x86_64, r-release-windows-x86_64, r-oldrel-macos-arm64, r-oldrel-macos-x86_64, r-oldrel-windows-ix86+x86_64

Version: 2.1
Check: dependencies in R code
Result: NOTE
    Namespace in Imports field not imported from: ‘ggplot2’
     All declared Imports should be used.
Flavors: r-devel-linux-x86_64-fedora-clang, r-devel-linux-x86_64-fedora-gcc, r-release-macos-arm64, r-release-macos-x86_64, r-oldrel-macos-arm64, r-oldrel-macos-x86_64