CRAN Package Check Results for Package lolR

Last updated on 2018-08-19 02:47:52 CEST.

Flavor Version Tinstall Tcheck Ttotal Status Flags
r-devel-linux-x86_64-debian-clang 2.0 5.27 174.83 180.10 OK
r-devel-linux-x86_64-debian-gcc 2.0 5.21 136.02 141.23 OK
r-devel-linux-x86_64-fedora-clang 2.0 218.57 NOTE
r-devel-linux-x86_64-fedora-gcc 2.0 219.93 NOTE
r-devel-windows-ix86+x86_64 2.0 16.00 247.00 263.00 OK
r-patched-linux-x86_64 2.0 5.25 167.72 172.97 OK
r-patched-solaris-x86 2.0 286.30 NOTE
r-release-linux-x86_64 2.0 5.20 165.83 171.03 OK
r-release-windows-ix86+x86_64 2.0 15.00 177.00 192.00 OK
r-release-osx-x86_64 2.0 NOTE
r-oldrel-windows-ix86+x86_64 2.0 9.00 202.00 211.00 OK
r-oldrel-osx-x86_64 2.0 NOTE

Additional issues

OpenBLAS

Check Details

Version: 2.0
Check: dependencies in R code
Result: NOTE
    Namespace in Imports field not imported from: ‘ggplot2’
     All declared Imports should be used.
Flavors: r-devel-linux-x86_64-fedora-clang, r-devel-linux-x86_64-fedora-gcc, r-patched-solaris-x86, r-release-osx-x86_64, r-oldrel-osx-x86_64

Version: 2.0
Check: installed package size
Result: NOTE
     installed size is 5.6Mb
     sub-directories of 1Mb or more:
     doc 5.4Mb
Flavor: r-patched-solaris-x86