CRAN Package Check Results for Package lolR

Last updated on 2019-02-17 21:47:38 CET.

Flavor Version Tinstall Tcheck Ttotal Status Flags
r-devel-linux-x86_64-debian-clang 2.0 5.10 211.14 216.24 OK
r-devel-linux-x86_64-debian-gcc 2.0 5.21 157.14 162.35 OK
r-devel-linux-x86_64-fedora-clang 2.0 256.64 NOTE
r-devel-linux-x86_64-fedora-gcc 2.0 239.16 NOTE
r-devel-windows-ix86+x86_64 2.0 14.00 207.00 221.00 OK
r-patched-linux-x86_64 2.0 4.67 168.05 172.72 OK
r-patched-solaris-x86 2.0 281.00 NOTE
r-release-linux-x86_64 2.0 OK
r-release-windows-ix86+x86_64 2.0 10.00 184.00 194.00 OK
r-release-osx-x86_64 2.0 NOTE
r-oldrel-windows-ix86+x86_64 2.0 10.00 229.00 239.00 OK
r-oldrel-osx-x86_64 2.0 NOTE

Additional issues

OpenBLAS

Check Details

Version: 2.0
Check: dependencies in R code
Result: NOTE
    Namespace in Imports field not imported from: ‘ggplot2’
     All declared Imports should be used.
Flavors: r-devel-linux-x86_64-fedora-clang, r-devel-linux-x86_64-fedora-gcc, r-patched-solaris-x86, r-release-osx-x86_64, r-oldrel-osx-x86_64

Version: 2.0
Check: installed package size
Result: NOTE
     installed size is 5.6Mb
     sub-directories of 1Mb or more:
     doc 5.4Mb
Flavor: r-patched-solaris-x86