CRAN Package Check Results for Package lolR

Last updated on 2018-05-25 04:50:25 CEST.

Flavor Version Tinstall Tcheck Ttotal Status Flags
r-devel-linux-x86_64-debian-clang 2.0 5.92 152.75 158.67 OK
r-devel-linux-x86_64-debian-gcc 2.0 4.65 130.16 134.81 OK
r-devel-linux-x86_64-fedora-clang 2.0 203.25 NOTE
r-devel-linux-x86_64-fedora-gcc 2.0 199.71 NOTE
r-devel-windows-ix86+x86_64 2.0 13.00 165.00 178.00 OK
r-patched-linux-x86_64 2.0 5.49 161.35 166.84 OK
r-patched-solaris-x86 2.0 262.00 NOTE
r-release-linux-x86_64 2.0 4.57 160.69 165.26 OK
r-release-windows-ix86+x86_64 2.0 13.00 222.00 235.00 OK
r-release-osx-x86_64 2.0 NOTE
r-oldrel-windows-ix86+x86_64 2.0 15.00 172.00 187.00 OK
r-oldrel-osx-x86_64 2.0 NOTE

Additional issues

ATLAS OpenBLAS

Check Details

Version: 2.0
Check: dependencies in R code
Result: NOTE
    Namespace in Imports field not imported from: ‘ggplot2’
     All declared Imports should be used.
Flavors: r-devel-linux-x86_64-fedora-clang, r-devel-linux-x86_64-fedora-gcc, r-patched-solaris-x86, r-release-osx-x86_64, r-oldrel-osx-x86_64

Version: 2.0
Check: installed package size
Result: NOTE
     installed size is 5.6Mb
     sub-directories of 1Mb or more:
     doc 5.4Mb
Flavor: r-patched-solaris-x86