CRAN Package Check Results for Package longROC

Last updated on 2024-03-04 17:50:57 CET.

Flavor Version Tinstall Tcheck Ttotal Status Flags
r-devel-linux-x86_64-debian-clang 1.0 8.98 102.95 111.93 NOTE
r-devel-linux-x86_64-debian-gcc 1.0 5.50 76.70 82.20 NOTE
r-devel-linux-x86_64-fedora-clang 1.0 152.06 NOTE
r-devel-linux-x86_64-fedora-gcc 1.0 130.55 NOTE
r-devel-windows-x86_64 1.0 8.00 101.00 109.00 NOTE
r-patched-linux-x86_64 1.0 8.76 100.99 109.75 NOTE
r-release-linux-x86_64 1.0 7.55 98.87 106.42 NOTE
r-release-macos-arm64 1.0 40.00 NOTE
r-release-macos-x86_64 1.0 70.00 NOTE
r-release-windows-x86_64 1.0 10.00 101.00 111.00 NOTE
r-oldrel-macos-arm64 1.0 43.00 NOTE
r-oldrel-windows-x86_64 1.0 10.00 109.00 119.00 NOTE

Check Details

Version: 1.0
Check: Rd files
Result: NOTE checkRd: (-1) butstrap.Rd:44: Escaped LaTeX specials: \& checkRd: (-1) butstrap.nri.Rd:42: Escaped LaTeX specials: \& checkRd: (-1) butstrap.s.Rd:44: Escaped LaTeX specials: \& checkRd: (-1) maxauc.Rd:39: Escaped LaTeX specials: \& checkRd: (-1) maxauc.s.Rd:39: Escaped LaTeX specials: \& checkRd: (-1) nri.Rd:33: Escaped LaTeX specials: \& checkRd: (-1) roc.Rd:27: Lost braces; missing escapes or markup? 27 | Se(t,c,s,u) = Pr(f_c(X(t_1),X(t_2),...,X(t_{s_i}))| u <= T <= t), | ^ checkRd: (-1) roc.Rd:31: Lost braces; missing escapes or markup? 31 | Sp(t,c,s,u) = 1-Pr(f_c(X(t_1),X(t_2),...,X(t_{s_i})) | T > t) | ^ checkRd: (-1) roc.Rd:47: Escaped LaTeX specials: \& checkRd: (-1) roc.s.Rd:27: Lost braces; missing escapes or markup? 27 | Se(t,c,s,u) = Pr(f_c(X(t_1),X(t_2),...,X(t_{s_i}))| u <= T <= t), | ^ checkRd: (-1) roc.s.Rd:31: Lost braces; missing escapes or markup? 31 | Sp(t,c,s,u) = 1-Pr(f_c(X(t_1),X(t_2),...,X(t_{s_i})) | T > t) | ^ checkRd: (-1) roc.s.Rd:47: Escaped LaTeX specials: \& checkRd: (-1) sensspec.Rd:27: Lost braces; missing escapes or markup? 27 | Se(t,c,s,u) = Pr(f_c(X(t_1),X(t_2),...,X(t_{s_i}))| u <= T <= t), | ^ checkRd: (-1) sensspec.Rd:31: Lost braces; missing escapes or markup? 31 | Sp(t,c,s,u) = 1-Pr(f_c(X(t_1),X(t_2),...,X(t_{s_i})) | T > t) | ^ checkRd: (-1) sensspec.Rd:47: Escaped LaTeX specials: \& checkRd: (-1) sensspec.s.Rd:27: Lost braces; missing escapes or markup? 27 | Se(t,c,s,u) = Pr(f_c(X(t_1),X(t_2),...,X(t_{s_i}))| u <= T <= t), | ^ checkRd: (-1) sensspec.s.Rd:31: Lost braces; missing escapes or markup? 31 | Sp(t,c,s,u) = 1-Pr(f_c(X(t_1),X(t_2),...,X(t_{s_i})) | T > t) | ^ checkRd: (-1) sensspec.s.Rd:47: Escaped LaTeX specials: \& Flavors: r-devel-linux-x86_64-debian-clang, r-devel-linux-x86_64-debian-gcc, r-devel-linux-x86_64-fedora-clang, r-devel-linux-x86_64-fedora-gcc, r-devel-windows-x86_64

Version: 1.0
Check: LazyData
Result: NOTE 'LazyData' is specified without a 'data' directory Flavors: r-devel-linux-x86_64-debian-clang, r-devel-linux-x86_64-debian-gcc, r-devel-linux-x86_64-fedora-clang, r-devel-linux-x86_64-fedora-gcc, r-devel-windows-x86_64, r-patched-linux-x86_64, r-release-linux-x86_64, r-release-macos-arm64, r-release-macos-x86_64, r-release-windows-x86_64, r-oldrel-macos-arm64, r-oldrel-windows-x86_64

Version: 1.0
Check: Rd files
Result: NOTE checkRd: (-1) butstrap.Rd:44: Escaped LaTeX specials: \& checkRd: (-1) butstrap.nri.Rd:42: Escaped LaTeX specials: \& checkRd: (-1) butstrap.s.Rd:44: Escaped LaTeX specials: \& checkRd: (-1) maxauc.Rd:39: Escaped LaTeX specials: \& checkRd: (-1) maxauc.s.Rd:39: Escaped LaTeX specials: \& checkRd: (-1) nri.Rd:33: Escaped LaTeX specials: \& checkRd: (-1) roc.Rd:47: Escaped LaTeX specials: \& checkRd: (-1) roc.s.Rd:47: Escaped LaTeX specials: \& checkRd: (-1) sensspec.Rd:47: Escaped LaTeX specials: \& checkRd: (-1) sensspec.s.Rd:47: Escaped LaTeX specials: \& Flavors: r-patched-linux-x86_64, r-release-linux-x86_64, r-release-macos-arm64, r-release-macos-x86_64, r-release-windows-x86_64