CRAN Package Check Results for Package longitudinalcascade

Last updated on 2022-08-18 02:53:21 CEST.

Flavor Version Tinstall Tcheck Ttotal Status Flags
r-devel-linux-x86_64-debian-clang 0.3.2.1 13.95 124.99 138.94 NOTE
r-devel-linux-x86_64-debian-gcc 0.3.2.1 NOTE
r-devel-linux-x86_64-fedora-clang 0.3.2.1 172.98 NOTE
r-devel-linux-x86_64-fedora-gcc 0.3.2.1 182.73 NOTE
r-devel-windows-x86_64 0.3.2.1 36.00 133.00 169.00 NOTE
r-patched-linux-x86_64 0.3.2.1 12.69 115.09 127.78 OK
r-release-linux-x86_64 0.3.2.1 12.12 117.94 130.06 OK
r-release-macos-arm64 0.3.2.1 42.00 OK
r-release-macos-x86_64 0.3.2.1 98.00 OK
r-release-windows-x86_64 0.3.2.1 28.00 135.00 163.00 OK
r-oldrel-macos-arm64 0.3.2.1 54.00 OK
r-oldrel-macos-x86_64 0.3.2.1 78.00 OK
r-oldrel-windows-ix86+x86_64 0.3.2.1 30.00 134.00 164.00 OK

Check Details

Version: 0.3.2.1
Check: HTML version of manual
Result: NOTE
    Found the following HTML validation problems:
    events_long.html:19:1: Warning: missing </h2> before <ul>
    events_long.html:35:1: Warning: discarding unexpected </h2>
Flavors: r-devel-linux-x86_64-debian-clang, r-devel-linux-x86_64-debian-gcc, r-devel-linux-x86_64-fedora-clang, r-devel-linux-x86_64-fedora-gcc

Version: 0.3.2.1
Check: HTML version of manual
Result: NOTE
    Found the following HTML validation problems:
    events_long.html:19:1: Warning: missing </h2> before <ul>
    
    
    events_long.html:35:1: Warning: discarding unexpected </h2>
Flavor: r-devel-windows-x86_64