CRAN Package Check Results for Package lookupTable

Last updated on 2022-08-19 07:49:55 CEST.

Flavor Version Tinstall Tcheck Ttotal Status Flags
r-devel-linux-x86_64-debian-clang 0.1 6.15 54.86 61.01 NOTE
r-devel-linux-x86_64-debian-gcc 0.1 5.18 40.81 45.99 NOTE
r-devel-linux-x86_64-fedora-clang 0.1 82.91 NOTE
r-devel-linux-x86_64-fedora-gcc 0.1 83.31 NOTE
r-devel-windows-x86_64 0.1 19.00 74.00 93.00 NOTE
r-patched-linux-x86_64 0.1 5.24 50.42 55.66 NOTE
r-release-linux-x86_64 0.1 NOTE
r-release-macos-arm64 0.1 23.00 NOTE
r-release-macos-x86_64 0.1 43.00 NOTE
r-release-windows-x86_64 0.1 20.00 73.00 93.00 NOTE
r-oldrel-macos-arm64 0.1 33.00 NOTE
r-oldrel-macos-x86_64 0.1 41.00 NOTE
r-oldrel-windows-ix86+x86_64 0.1 14.00 72.00 86.00 NOTE

Check Details

Version: 0.1
Check: LazyData
Result: NOTE
     'LazyData' is specified without a 'data' directory
Flavors: r-devel-linux-x86_64-debian-clang, r-devel-linux-x86_64-debian-gcc, r-devel-linux-x86_64-fedora-clang, r-devel-linux-x86_64-fedora-gcc, r-devel-windows-x86_64, r-patched-linux-x86_64, r-release-linux-x86_64, r-release-macos-arm64, r-release-macos-x86_64, r-release-windows-x86_64, r-oldrel-macos-arm64, r-oldrel-macos-x86_64, r-oldrel-windows-ix86+x86_64