CRAN Package Check Results for Package loon

Last updated on 2024-02-28 05:59:11 CET.

Flavor Version Tinstall Tcheck Ttotal Status Flags
r-devel-linux-x86_64-debian-clang 1.4.1 27.18 258.27 285.45 NOTE
r-devel-linux-x86_64-debian-gcc 1.4.1 19.01 190.33 209.34 NOTE
r-devel-linux-x86_64-fedora-clang 1.4.1 384.67 NOTE
r-devel-linux-x86_64-fedora-gcc 1.4.1 362.46 NOTE
r-devel-windows-x86_64 1.4.1 20.00 341.00 361.00 OK
r-patched-linux-x86_64 1.4.1 26.68 234.47 261.15 OK
r-release-linux-x86_64 1.4.1 20.00 238.06 258.06 OK
r-release-macos-arm64 1.4.1 170.00 NOTE
r-release-macos-x86_64 1.4.1 370.00 NOTE
r-release-windows-x86_64 1.4.1 26.00 327.00 353.00 OK
r-oldrel-macos-arm64 1.4.1 204.00 OK
r-oldrel-windows-x86_64 1.4.1 28.00 279.00 307.00 OK

Check Details

Version: 1.4.1
Check: Rd files
Result: NOTE checkRd: (-1) l_binCut.Rd:30: Lost braces 30 | when 'code{labels = FALSE}, the default \code{active} is \code{-1}; and when \code{labels} is a vector of length equal | ^ Flavors: r-devel-linux-x86_64-debian-clang, r-devel-linux-x86_64-debian-gcc, r-devel-linux-x86_64-fedora-clang, r-devel-linux-x86_64-fedora-gcc

Version: 1.4.1
Check: installed package size
Result: NOTE installed size is 5.0Mb sub-directories of 1Mb or more: doc 1.5Mb tcl 1.3Mb Flavor: r-devel-linux-x86_64-fedora-clang

Version: 1.4.1
Check: package dependencies
Result: NOTE Package suggested but not available for checking: ‘RDRToolbox’ Flavors: r-release-macos-arm64, r-release-macos-x86_64