Last updated on 2023-06-09 15:58:53 CEST.
Flavor | Version | Tinstall | Tcheck | Ttotal | Status | Flags |
---|---|---|---|---|---|---|
r-devel-linux-x86_64-debian-clang | 0.1.0 | 3.25 | 25.54 | 28.79 | NOTE | |
r-devel-linux-x86_64-debian-gcc | 0.1.0 | 2.33 | 20.34 | 22.67 | NOTE | |
r-devel-linux-x86_64-fedora-clang | 0.1.0 | 36.16 | NOTE | |||
r-devel-linux-x86_64-fedora-gcc | 0.1.0 | 34.02 | NOTE | |||
r-devel-windows-x86_64 | 0.1.0 | 5.00 | 42.00 | 47.00 | NOTE | |
r-patched-linux-x86_64 | 0.1.0 | 2.25 | 24.91 | 27.16 | NOTE | |
r-release-linux-x86_64 | 0.1.0 | 2.23 | 24.77 | 27.00 | NOTE | |
r-release-macos-arm64 | 0.1.0 | 18.00 | NOTE | |||
r-release-macos-x86_64 | 0.1.0 | 22.00 | NOTE | |||
r-release-windows-x86_64 | 0.1.0 | 5.00 | 42.00 | 47.00 | NOTE | |
r-oldrel-macos-arm64 | 0.1.0 | 16.00 | NOTE | |||
r-oldrel-macos-x86_64 | 0.1.0 | 25.00 | NOTE | |||
r-oldrel-windows-x86_64 | 0.1.0 | 5.00 | 44.00 | 49.00 | NOTE |
Version: 0.1.0
Check: LazyData
Result: NOTE
'LazyData' is specified without a 'data' directory
Flavors: r-devel-linux-x86_64-debian-clang, r-devel-linux-x86_64-debian-gcc, r-devel-linux-x86_64-fedora-clang, r-devel-linux-x86_64-fedora-gcc, r-devel-windows-x86_64, r-patched-linux-x86_64, r-release-linux-x86_64, r-release-macos-arm64, r-release-macos-x86_64, r-release-windows-x86_64, r-oldrel-macos-arm64, r-oldrel-macos-x86_64, r-oldrel-windows-x86_64